{"id":154054,"date":"2022-05-17T09:19:21","date_gmt":"2022-05-17T13:19:21","guid":{"rendered":"https:\/\/www.avenuedesigncanada.com\/?post_type=product&#038;p=154054"},"modified":"2026-02-11T16:06:50","modified_gmt":"2026-02-11T21:06:50","slug":"tabouret-de-comptoir-dareau-classic-brown-copy","status":"publish","type":"product","link":"https:\/\/www.avenuedesigncanada.com\/fr\/product\/tabouret-de-comptoir-dareau-classic-brown-copy\/","title":{"rendered":"Tabouret de comptoir Dareau &#8211; Classic Black"},"content":{"rendered":"<p><em>Le tabouret de comptoir Dareau pr\u00e9sente les caract\u00e9ristiques suivantes :<\/em><br \/>\nInspir\u00e9 par les designs embl\u00e9matiques de Pierre Jeanneret, ce tabouret noir classique associe une construction en bois massif \u00e0 un si\u00e8ge en rotin magnifiquement tress\u00e9 \u00e0 la main pour un style et un confort sans effort.<\/p>\n<p>Options :<br \/>\n\u00c9galement disponible comme tabouret de bar.<\/p>\n<p>Avez-vous des questions \u00e0 propos de ce produit ?<br \/>\nNos designers sont l\u00e0 pour vous aider. Appelez-nous au (514) 340-9351<\/p>\n","protected":false},"excerpt":{"rendered":"<p>Inspir\u00e9 par le mobilier design embl\u00e9matique de Pierre Jeanneret, le tabouret de comptoir Dareau marron classique allie qualit\u00e9 et simplicit\u00e9. Cet \u00e9l\u00e9gant tabouret de comptoir est fabriqu\u00e9 en bois massif et son assise est en rotin tress\u00e9 \u00e0 la main. <\/p>\n","protected":false},"featured_media":154035,"template":"","meta":{"_kad_blocks_custom_css":"","_kad_blocks_head_custom_js":"","_kad_blocks_body_custom_js":"","_kad_blocks_footer_custom_js":"","_kad_post_transparent":"","_kad_post_title":"","_kad_post_layout":"","_kad_post_sidebar_id":"","_kad_post_content_style":"","_kad_post_vertical_padding":"","_kad_post_feature":"","_kad_post_feature_position":"","_kad_post_header":false,"_kad_post_footer":false,"_kad_post_classname":""},"product_brand":[],"product_cat":[1305],"product_tag":[1482],"class_list":{"0":"post-154054","1":"product","2":"type-product","3":"status-publish","4":"has-post-thumbnail","6":"product_cat-tabourets","7":"product_tag-vreeland-fr-2","9":"first","10":"instock","11":"product-type-simple","12":"entry","13":"content-bg","14":"loop-entry"},"taxonomy_info":{"product_cat":[{"value":1305,"label":"Tabourets"}],"product_tag":[{"value":1482,"label":"Vreeland"}]},"featured_image_src_large":["https:\/\/www.avenuedesigncanada.com\/wp-content\/uploads\/2022\/05\/114382_2-2-1024x1024.jpg",1024,1024,true],"author_info":[],"comment_info":"","_links":{"self":[{"href":"https:\/\/www.avenuedesigncanada.com\/fr\/wp-json\/wp\/v2\/product\/154054","targetHints":{"allow":["GET"]}}],"collection":[{"href":"https:\/\/www.avenuedesigncanada.com\/fr\/wp-json\/wp\/v2\/product"}],"about":[{"href":"https:\/\/www.avenuedesigncanada.com\/fr\/wp-json\/wp\/v2\/types\/product"}],"wp:featuredmedia":[{"embeddable":true,"href":"https:\/\/www.avenuedesigncanada.com\/fr\/wp-json\/wp\/v2\/media\/154035"}],"wp:attachment":[{"href":"https:\/\/www.avenuedesigncanada.com\/fr\/wp-json\/wp\/v2\/media?parent=154054"}],"wp:term":[{"taxonomy":"product_brand","embeddable":true,"href":"https:\/\/www.avenuedesigncanada.com\/fr\/wp-json\/wp\/v2\/product_brand?post=154054"},{"taxonomy":"product_cat","embeddable":true,"href":"https:\/\/www.avenuedesigncanada.com\/fr\/wp-json\/wp\/v2\/product_cat?post=154054"},{"taxonomy":"product_tag","embeddable":true,"href":"https:\/\/www.avenuedesigncanada.com\/fr\/wp-json\/wp\/v2\/product_tag?post=154054"}],"curies":[{"name":"wp","href":"https:\/\/api.w.org\/{rel}","templated":true}]}}

<p><em>Le tabouret de comptoir Dareau présente les caractéristiques suivantes :</em><br />
Inspiré par les designs emblématiques de Pierre Jeanneret, ce tabouret noir classique associe une construction en bois massif à un siège en rotin magnifiquement tressé à la main pour un style et un confort sans effort.</p>
<p>Options :<br />
Également disponible comme tabouret de bar.</p>
<p>Avez-vous des questions à propos de ce produit ?<br />
Nos designers sont là pour vous aider. Appelez-nous au (514) 340-9351</p>

<p>Inspiré par le mobilier design emblématique de Pierre Jeanneret, le tabouret de comptoir Dareau marron classique allie qualité et simplicité. Cet élégant tabouret de comptoir est fabriqué en bois massif et son assise est en rotin tressé à la main. </p>
