{"id":176408,"date":"2022-10-13T08:41:51","date_gmt":"2022-10-13T12:41:51","guid":{"rendered":"https:\/\/www.avenuedesigncanada.com\/product\/kelly-chair-boucle-black\/"},"modified":"2026-02-11T16:07:10","modified_gmt":"2026-02-11T21:07:10","slug":"fauteuil-kelly-boucle-noir","status":"publish","type":"product","link":"https:\/\/www.avenuedesigncanada.com\/fr\/product\/fauteuil-kelly-boucle-noir\/","title":{"rendered":"Fauteuil Kelly &#8211; Boucl\u00e9 Noir"},"content":{"rendered":"<p><em>La chaise Kelly Chair comprend:<\/em><\/p>\n<p>Tissu boucl\u00e9 noir<br \/>\nPi\u00e8tement incurv\u00e9 noir<\/p>\n<p>Vous avez des questions sur ce produit ?<br \/>\nNos designers sont l\u00e0 pour vous aider.<br \/>\nAppelez-nous au (514) 340-9351<\/p>\n<p>&nbsp;<\/p>\n","protected":false},"excerpt":{"rendered":"<p>La chaise Kelly apportera beaucoup de charme et de chaleur \u00e0 votre salon avec son rev\u00eatement boucl\u00e9 de couleur noire. Dot\u00e9 d&rsquo;un design l\u00e9g\u00e8rement incurv\u00e9 et de surpiq\u00fbres profondes, ce joli fauteuil vous offrira une assise tr\u00e8s confortable.<\/p>\n","protected":false},"featured_media":176360,"template":"","meta":{"_kad_blocks_custom_css":"","_kad_blocks_head_custom_js":"","_kad_blocks_body_custom_js":"","_kad_blocks_footer_custom_js":"","_kad_post_transparent":"","_kad_post_title":"","_kad_post_layout":"","_kad_post_sidebar_id":"","_kad_post_content_style":"","_kad_post_vertical_padding":"","_kad_post_feature":"","_kad_post_feature_position":"","_kad_post_header":false,"_kad_post_footer":false,"_kad_post_classname":""},"product_brand":[],"product_cat":[1320],"product_tag":[1482],"class_list":{"0":"post-176408","1":"product","2":"type-product","3":"status-publish","4":"has-post-thumbnail","6":"product_cat-fauteuils","7":"product_tag-vreeland-fr-2","9":"first","10":"instock","11":"taxable","12":"shipping-taxable","13":"product-type-simple","14":"entry","15":"content-bg","16":"loop-entry"},"taxonomy_info":{"product_cat":[{"value":1320,"label":"Fauteuils"}],"product_tag":[{"value":1482,"label":"Vreeland"}]},"featured_image_src_large":["https:\/\/www.avenuedesigncanada.com\/wp-content\/uploads\/2022\/10\/A115206_2_1_1-2-1024x1024.jpg",1024,1024,true],"author_info":[],"comment_info":"","_links":{"self":[{"href":"https:\/\/www.avenuedesigncanada.com\/fr\/wp-json\/wp\/v2\/product\/176408","targetHints":{"allow":["GET"]}}],"collection":[{"href":"https:\/\/www.avenuedesigncanada.com\/fr\/wp-json\/wp\/v2\/product"}],"about":[{"href":"https:\/\/www.avenuedesigncanada.com\/fr\/wp-json\/wp\/v2\/types\/product"}],"wp:featuredmedia":[{"embeddable":true,"href":"https:\/\/www.avenuedesigncanada.com\/fr\/wp-json\/wp\/v2\/media\/176360"}],"wp:attachment":[{"href":"https:\/\/www.avenuedesigncanada.com\/fr\/wp-json\/wp\/v2\/media?parent=176408"}],"wp:term":[{"taxonomy":"product_brand","embeddable":true,"href":"https:\/\/www.avenuedesigncanada.com\/fr\/wp-json\/wp\/v2\/product_brand?post=176408"},{"taxonomy":"product_cat","embeddable":true,"href":"https:\/\/www.avenuedesigncanada.com\/fr\/wp-json\/wp\/v2\/product_cat?post=176408"},{"taxonomy":"product_tag","embeddable":true,"href":"https:\/\/www.avenuedesigncanada.com\/fr\/wp-json\/wp\/v2\/product_tag?post=176408"}],"curies":[{"name":"wp","href":"https:\/\/api.w.org\/{rel}","templated":true}]}}

Fauteuil Kelly &#8211; Bouclé Noir

<p><em>La chaise Kelly Chair comprend:</em></p>
<p>Tissu bouclé noir<br />
Piètement incurvé noir</p>
<p>Vous avez des questions sur ce produit ?<br />
Nos designers sont là pour vous aider.<br />
Appelez-nous au (514) 340-9351</p>
<p>&nbsp;</p>

<p>La chaise Kelly apportera beaucoup de charme et de chaleur à votre salon avec son revêtement bouclé de couleur noire. Doté d&rsquo;un design légèrement incurvé et de surpiqûres profondes, ce joli fauteuil vous offrira une assise très confortable.</p>
