{"id":177545,"date":"2022-10-13T11:15:38","date_gmt":"2022-10-13T15:15:38","guid":{"rendered":"https:\/\/www.avenuedesigncanada.com\/?post_type=product&#038;p=177545"},"modified":"2026-02-11T16:07:13","modified_gmt":"2026-02-11T21:07:13","slug":"chaise-kelly-boucle-creme","status":"publish","type":"product","link":"https:\/\/www.avenuedesigncanada.com\/fr\/product\/chaise-kelly-boucle-creme\/","title":{"rendered":"Chaise Kelly &#8211; Boucl\u00e9 Cr\u00e8me"},"content":{"rendered":"<p><em>La chaise de salle \u00e0 manger Kelly pr\u00e9sente les caract\u00e9ristiques suivantes :<\/em><br \/>\nEnti\u00e8rement recouverte de tissu Boucl\u00e9 cr\u00e8me<br \/>\nRoulettes<br \/>\nRecouverte de tissu Boucl\u00e9 cr\u00e8me<\/p>\n<p>Vous avez des questions sur ce produit ? Nos concepteurs sont l\u00e0 pour vous aider. Appelez-nous au (514) 340-9351  <\/p>\n","protected":false},"excerpt":{"rendered":"<p>la chaise de salle \u00e0 manger Kelly apportera beaucoup de charme et de chaleur \u00e0 votre salon. Des surpiq\u00fbres profondes conf\u00e8rent \u00e0 cette chaise de salle \u00e0 manger distinctive et confortable un attrait somptueux.<\/p>\n","protected":false},"featured_media":177467,"template":"","meta":{"_kad_blocks_custom_css":"","_kad_blocks_head_custom_js":"","_kad_blocks_body_custom_js":"","_kad_blocks_footer_custom_js":"","_kad_post_transparent":"","_kad_post_title":"","_kad_post_layout":"","_kad_post_sidebar_id":"","_kad_post_content_style":"","_kad_post_vertical_padding":"","_kad_post_feature":"","_kad_post_feature_position":"","_kad_post_header":false,"_kad_post_footer":false,"_kad_post_classname":""},"product_brand":[],"product_cat":[1302],"product_tag":[1482],"class_list":{"0":"post-177545","1":"product","2":"type-product","3":"status-publish","4":"has-post-thumbnail","6":"product_cat-chaises","7":"product_tag-vreeland-fr-2","9":"first","10":"instock","11":"taxable","12":"shipping-taxable","13":"product-type-simple","14":"entry","15":"content-bg","16":"loop-entry"},"taxonomy_info":{"product_cat":[{"value":1302,"label":"Chaises"}],"product_tag":[{"value":1482,"label":"Vreeland"}]},"featured_image_src_large":["https:\/\/www.avenuedesigncanada.com\/wp-content\/uploads\/2022\/10\/A115428_2_1_1-1024x1024.jpg",1024,1024,true],"author_info":[],"comment_info":"","_links":{"self":[{"href":"https:\/\/www.avenuedesigncanada.com\/fr\/wp-json\/wp\/v2\/product\/177545","targetHints":{"allow":["GET"]}}],"collection":[{"href":"https:\/\/www.avenuedesigncanada.com\/fr\/wp-json\/wp\/v2\/product"}],"about":[{"href":"https:\/\/www.avenuedesigncanada.com\/fr\/wp-json\/wp\/v2\/types\/product"}],"wp:featuredmedia":[{"embeddable":true,"href":"https:\/\/www.avenuedesigncanada.com\/fr\/wp-json\/wp\/v2\/media\/177467"}],"wp:attachment":[{"href":"https:\/\/www.avenuedesigncanada.com\/fr\/wp-json\/wp\/v2\/media?parent=177545"}],"wp:term":[{"taxonomy":"product_brand","embeddable":true,"href":"https:\/\/www.avenuedesigncanada.com\/fr\/wp-json\/wp\/v2\/product_brand?post=177545"},{"taxonomy":"product_cat","embeddable":true,"href":"https:\/\/www.avenuedesigncanada.com\/fr\/wp-json\/wp\/v2\/product_cat?post=177545"},{"taxonomy":"product_tag","embeddable":true,"href":"https:\/\/www.avenuedesigncanada.com\/fr\/wp-json\/wp\/v2\/product_tag?post=177545"}],"curies":[{"name":"wp","href":"https:\/\/api.w.org\/{rel}","templated":true}]}}

Chaise Kelly &#8211; Bouclé Crème

<p><em>La chaise de salle à manger Kelly présente les caractéristiques suivantes :</em><br />
Entièrement recouverte de tissu Bouclé crème<br />
Roulettes<br />
Recouverte de tissu Bouclé crème</p>
<p>Vous avez des questions sur ce produit ? Nos concepteurs sont là pour vous aider. Appelez-nous au (514) 340-9351  </p>

<p>la chaise de salle à manger Kelly apportera beaucoup de charme et de chaleur à votre salon. Des surpiqûres profondes confèrent à cette chaise de salle à manger distinctive et confortable un attrait somptueux.</p>
