{"id":177723,"date":"2022-10-13T11:33:09","date_gmt":"2022-10-13T15:33:09","guid":{"rendered":"https:\/\/www.avenuedesigncanada.com\/product\/moretti-dining-chair-beige\/"},"modified":"2026-02-11T16:07:13","modified_gmt":"2026-02-11T21:07:13","slug":"chaise-moretti-beige","status":"publish","type":"product","link":"https:\/\/www.avenuedesigncanada.com\/fr\/product\/chaise-moretti-beige\/","title":{"rendered":"Chaise Moretti &#8211; Beige"},"content":{"rendered":"<p><em>La chaise de salle \u00e0 manger Moretti pr\u00e9sente les caract\u00e9ristiques suivantes :<\/em><br \/>\nTissu beige Mademoiselle<br \/>\nPieds en bois courb\u00e9 noir<\/p>\n<p>Vous avez des questions sur ce produit ? Nos concepteurs sont l\u00e0 pour vous aider. Appelez-nous au (514) 340-9351  <\/p>\n","protected":false},"excerpt":{"rendered":"<p>La chaise de salle \u00e0 manger Moretti apporte une douce sophistication \u00e0 la table. Recouverte d&rsquo;un \u00e9l\u00e9gant tissu beige Mademoiselle, sa silhouette l\u00e9g\u00e8rement incurv\u00e9e est soutenue par des pieds \u00e9l\u00e9gants en bois courb\u00e9 noir, cr\u00e9ant un contraste raffin\u00e9 \u00e0 la fois moderne et accueillant. Parfaite pour rehausser les repas de tous les jours avec une \u00e9l\u00e9gance discr\u00e8te.  <\/p>\n","protected":false},"featured_media":177679,"template":"","meta":{"_kad_blocks_custom_css":"","_kad_blocks_head_custom_js":"","_kad_blocks_body_custom_js":"","_kad_blocks_footer_custom_js":"","_kad_post_transparent":"","_kad_post_title":"","_kad_post_layout":"","_kad_post_sidebar_id":"","_kad_post_content_style":"","_kad_post_vertical_padding":"","_kad_post_feature":"","_kad_post_feature_position":"","_kad_post_header":false,"_kad_post_footer":false,"_kad_post_classname":""},"product_brand":[],"product_cat":[1302],"product_tag":[1482],"class_list":{"0":"post-177723","1":"product","2":"type-product","3":"status-publish","4":"has-post-thumbnail","6":"product_cat-chaises","7":"product_tag-vreeland-fr-2","9":"first","10":"instock","11":"taxable","12":"shipping-taxable","13":"product-type-simple","14":"entry","15":"content-bg","16":"loop-entry"},"taxonomy_info":{"product_cat":[{"value":1302,"label":"Chaises"}],"product_tag":[{"value":1482,"label":"Vreeland"}]},"featured_image_src_large":["https:\/\/www.avenuedesigncanada.com\/wp-content\/uploads\/2022\/10\/A115988_2_1_1-1024x1024.jpg",1024,1024,true],"author_info":[],"comment_info":"","_links":{"self":[{"href":"https:\/\/www.avenuedesigncanada.com\/fr\/wp-json\/wp\/v2\/product\/177723","targetHints":{"allow":["GET"]}}],"collection":[{"href":"https:\/\/www.avenuedesigncanada.com\/fr\/wp-json\/wp\/v2\/product"}],"about":[{"href":"https:\/\/www.avenuedesigncanada.com\/fr\/wp-json\/wp\/v2\/types\/product"}],"wp:featuredmedia":[{"embeddable":true,"href":"https:\/\/www.avenuedesigncanada.com\/fr\/wp-json\/wp\/v2\/media\/177679"}],"wp:attachment":[{"href":"https:\/\/www.avenuedesigncanada.com\/fr\/wp-json\/wp\/v2\/media?parent=177723"}],"wp:term":[{"taxonomy":"product_brand","embeddable":true,"href":"https:\/\/www.avenuedesigncanada.com\/fr\/wp-json\/wp\/v2\/product_brand?post=177723"},{"taxonomy":"product_cat","embeddable":true,"href":"https:\/\/www.avenuedesigncanada.com\/fr\/wp-json\/wp\/v2\/product_cat?post=177723"},{"taxonomy":"product_tag","embeddable":true,"href":"https:\/\/www.avenuedesigncanada.com\/fr\/wp-json\/wp\/v2\/product_tag?post=177723"}],"curies":[{"name":"wp","href":"https:\/\/api.w.org\/{rel}","templated":true}]}}

<p><em>La chaise de salle à manger Moretti présente les caractéristiques suivantes :</em><br />
Tissu beige Mademoiselle<br />
Pieds en bois courbé noir</p>
<p>Vous avez des questions sur ce produit ? Nos concepteurs sont là pour vous aider. Appelez-nous au (514) 340-9351  </p>

<p>La chaise de salle à manger Moretti apporte une douce sophistication à la table. Recouverte d&rsquo;un élégant tissu beige Mademoiselle, sa silhouette légèrement incurvée est soutenue par des pieds élégants en bois courbé noir, créant un contraste raffiné à la fois moderne et accueillant. Parfaite pour rehausser les repas de tous les jours avec une élégance discrète.  </p>
