{"id":178170,"date":"2022-10-13T12:40:51","date_gmt":"2022-10-13T16:40:51","guid":{"rendered":"https:\/\/www.avenuedesigncanada.com\/product\/percy-dining-chair-boucle-grey\/"},"modified":"2026-02-11T16:07:14","modified_gmt":"2026-02-11T21:07:14","slug":"chaise-percy-boucle-gris","status":"publish","type":"product","link":"https:\/\/www.avenuedesigncanada.com\/fr\/product\/chaise-percy-boucle-gris\/","title":{"rendered":"Chaise Percy &#8211; Boucl\u00e9 Gris"},"content":{"rendered":"<p><em>La chaise de salle \u00e0 manger Percy pr\u00e9sente les caract\u00e9ristiques suivantes :<\/em><br \/>\nTissu boucl\u00e9 gris<br \/>\nPieds en bois \u00e0 finition noire<\/p>\n<p>Vous avez des questions sur ce produit ? Nos concepteurs sont l\u00e0 pour vous aider. Appelez-nous au (514) 340-9351  <\/p>\n","protected":false},"excerpt":{"rendered":"<p>D\u00e9corez votre coin repas dans un style contemporain avec la chaise de salle \u00e0 manger Percy. Cette chaise extraordinaire est dot\u00e9e d&rsquo;un cadre \u00e9l\u00e9gant en finition noire et d&rsquo;un dossier rond qui s&rsquo;int\u00e8gre parfaitement aux accoudoirs. Rembourr\u00e9 dans un tissu gris boucl\u00e9, il permet \u00e0 vos invit\u00e9s de s&rsquo;asseoir pendant de longues p\u00e9riodes.<\/p>\n","protected":false},"featured_media":178141,"template":"","meta":{"_kad_blocks_custom_css":"","_kad_blocks_head_custom_js":"","_kad_blocks_body_custom_js":"","_kad_blocks_footer_custom_js":"","_kad_post_transparent":"","_kad_post_title":"","_kad_post_layout":"","_kad_post_sidebar_id":"","_kad_post_content_style":"","_kad_post_vertical_padding":"","_kad_post_feature":"","_kad_post_feature_position":"","_kad_post_header":false,"_kad_post_footer":false,"_kad_post_classname":""},"product_brand":[],"product_cat":[1302],"product_tag":[1482],"class_list":{"0":"post-178170","1":"product","2":"type-product","3":"status-publish","4":"has-post-thumbnail","6":"product_cat-chaises","7":"product_tag-vreeland-fr-2","9":"first","10":"instock","11":"taxable","12":"shipping-taxable","13":"product-type-simple","14":"entry","15":"content-bg","16":"loop-entry"},"taxonomy_info":{"product_cat":[{"value":1302,"label":"Chaises"}],"product_tag":[{"value":1482,"label":"Vreeland"}]},"featured_image_src_large":["https:\/\/www.avenuedesigncanada.com\/wp-content\/uploads\/2022\/10\/A116408_2_1_1-1024x1024.jpg",1024,1024,true],"author_info":[],"comment_info":"","_links":{"self":[{"href":"https:\/\/www.avenuedesigncanada.com\/fr\/wp-json\/wp\/v2\/product\/178170","targetHints":{"allow":["GET"]}}],"collection":[{"href":"https:\/\/www.avenuedesigncanada.com\/fr\/wp-json\/wp\/v2\/product"}],"about":[{"href":"https:\/\/www.avenuedesigncanada.com\/fr\/wp-json\/wp\/v2\/types\/product"}],"wp:featuredmedia":[{"embeddable":true,"href":"https:\/\/www.avenuedesigncanada.com\/fr\/wp-json\/wp\/v2\/media\/178141"}],"wp:attachment":[{"href":"https:\/\/www.avenuedesigncanada.com\/fr\/wp-json\/wp\/v2\/media?parent=178170"}],"wp:term":[{"taxonomy":"product_brand","embeddable":true,"href":"https:\/\/www.avenuedesigncanada.com\/fr\/wp-json\/wp\/v2\/product_brand?post=178170"},{"taxonomy":"product_cat","embeddable":true,"href":"https:\/\/www.avenuedesigncanada.com\/fr\/wp-json\/wp\/v2\/product_cat?post=178170"},{"taxonomy":"product_tag","embeddable":true,"href":"https:\/\/www.avenuedesigncanada.com\/fr\/wp-json\/wp\/v2\/product_tag?post=178170"}],"curies":[{"name":"wp","href":"https:\/\/api.w.org\/{rel}","templated":true}]}}

Chaise Percy &#8211; Bouclé Gris

<p><em>La chaise de salle à manger Percy présente les caractéristiques suivantes :</em><br />
Tissu bouclé gris<br />
Pieds en bois à finition noire</p>
<p>Vous avez des questions sur ce produit ? Nos concepteurs sont là pour vous aider. Appelez-nous au (514) 340-9351  </p>

<p>Décorez votre coin repas dans un style contemporain avec la chaise de salle à manger Percy. Cette chaise extraordinaire est dotée d&rsquo;un cadre élégant en finition noire et d&rsquo;un dossier rond qui s&rsquo;intègre parfaitement aux accoudoirs. Rembourré dans un tissu gris bouclé, il permet à vos invités de s&rsquo;asseoir pendant de longues périodes.</p>
