{"id":178628,"date":"2022-10-14T08:47:34","date_gmt":"2022-10-14T12:47:34","guid":{"rendered":"https:\/\/www.avenuedesigncanada.com\/?post_type=product&#038;p=178628"},"modified":"2026-02-11T16:07:15","modified_gmt":"2026-02-11T21:07:15","slug":"chaise-vichy-sisley-beige","status":"publish","type":"product","link":"https:\/\/www.avenuedesigncanada.com\/fr\/product\/chaise-vichy-sisley-beige\/","title":{"rendered":"Vichy Dining Chair &#8211; Sisley Beige"},"content":{"rendered":"<p><em>La chaise Vichy Dining pr\u00e9sente les caract\u00e9ristiques suivantes :<\/em><br \/>\nTissu beige Sisley<br \/>\nPieds en bois courb\u00e9 noir<\/p>\n<p>Vous avez des questions sur ce produit ? Nos concepteurs sont l\u00e0 pour vous aider. Appelez-nous au (514) 340-9351  <\/p>\n","protected":false},"excerpt":{"rendered":"<p>Chaleureuse et accueillante, la chaise de salle \u00e0 manger Vichy en tissu beige Sisley apporte une touche de l\u00e9g\u00e8ret\u00e9 et d&rsquo;air \u00e0 la salle \u00e0 manger. Le rembourrage lisse et les pieds sculpturaux en bois courb\u00e9 noir cr\u00e9ent une silhouette \u00e9quilibr\u00e9e et moderne qui offre un confort quotidien avec un luxe discret. <\/p>\n","protected":false},"featured_media":178829,"template":"","meta":{"_kad_blocks_custom_css":"","_kad_blocks_head_custom_js":"","_kad_blocks_body_custom_js":"","_kad_blocks_footer_custom_js":"","_kad_post_transparent":"","_kad_post_title":"","_kad_post_layout":"","_kad_post_sidebar_id":"","_kad_post_content_style":"","_kad_post_vertical_padding":"","_kad_post_feature":"","_kad_post_feature_position":"","_kad_post_header":false,"_kad_post_footer":false,"_kad_post_classname":""},"product_brand":[],"product_cat":[1302],"product_tag":[1482],"class_list":{"0":"post-178628","1":"product","2":"type-product","3":"status-publish","4":"has-post-thumbnail","6":"product_cat-chaises","7":"product_tag-vreeland-fr-2","9":"first","10":"instock","11":"taxable","12":"shipping-taxable","13":"product-type-simple","14":"entry","15":"content-bg","16":"loop-entry"},"taxonomy_info":{"product_cat":[{"value":1302,"label":"Chaises"}],"product_tag":[{"value":1482,"label":"Vreeland"}]},"featured_image_src_large":["https:\/\/www.avenuedesigncanada.com\/wp-content\/uploads\/2022\/10\/A115104_2_1_1-1-1024x1024.jpg",1024,1024,true],"author_info":[],"comment_info":"","_links":{"self":[{"href":"https:\/\/www.avenuedesigncanada.com\/fr\/wp-json\/wp\/v2\/product\/178628","targetHints":{"allow":["GET"]}}],"collection":[{"href":"https:\/\/www.avenuedesigncanada.com\/fr\/wp-json\/wp\/v2\/product"}],"about":[{"href":"https:\/\/www.avenuedesigncanada.com\/fr\/wp-json\/wp\/v2\/types\/product"}],"wp:featuredmedia":[{"embeddable":true,"href":"https:\/\/www.avenuedesigncanada.com\/fr\/wp-json\/wp\/v2\/media\/178829"}],"wp:attachment":[{"href":"https:\/\/www.avenuedesigncanada.com\/fr\/wp-json\/wp\/v2\/media?parent=178628"}],"wp:term":[{"taxonomy":"product_brand","embeddable":true,"href":"https:\/\/www.avenuedesigncanada.com\/fr\/wp-json\/wp\/v2\/product_brand?post=178628"},{"taxonomy":"product_cat","embeddable":true,"href":"https:\/\/www.avenuedesigncanada.com\/fr\/wp-json\/wp\/v2\/product_cat?post=178628"},{"taxonomy":"product_tag","embeddable":true,"href":"https:\/\/www.avenuedesigncanada.com\/fr\/wp-json\/wp\/v2\/product_tag?post=178628"}],"curies":[{"name":"wp","href":"https:\/\/api.w.org\/{rel}","templated":true}]}}

<p><em>La chaise Vichy Dining présente les caractéristiques suivantes :</em><br />
Tissu beige Sisley<br />
Pieds en bois courbé noir</p>
<p>Vous avez des questions sur ce produit ? Nos concepteurs sont là pour vous aider. Appelez-nous au (514) 340-9351  </p>

<p>Chaleureuse et accueillante, la chaise de salle à manger Vichy en tissu beige Sisley apporte une touche de légèreté et d&rsquo;air à la salle à manger. Le rembourrage lisse et les pieds sculpturaux en bois courbé noir créent une silhouette équilibrée et moderne qui offre un confort quotidien avec un luxe discret. </p>
