{"id":179153,"date":"2022-08-13T12:44:58","date_gmt":"2022-08-13T16:44:58","guid":{"rendered":"https:\/\/www.avenuedesigncanada.com\/product\/brice-sofa\/"},"modified":"2026-02-11T16:07:16","modified_gmt":"2026-02-11T21:07:16","slug":"canape-brice","status":"publish","type":"product","link":"https:\/\/www.avenuedesigncanada.com\/fr\/product\/canape-brice\/","title":{"rendered":"Canap\u00e9 Brice"},"content":{"rendered":"<p><em>Le canap\u00e9 Brice pr\u00e9sente les caract\u00e9ristiques suivantes :<\/em><\/p>\n<p>Tissu sable Canberra<br \/>\nBase au fini laiton bross\u00e9<\/p>\n<p>Options :<br \/>\n\u00c9galement offert en tissu Boucl\u00e9 Cr\u00e8me, voir A114864<\/p>\n<p>Vous avez des questions sur ce produit ?<br \/>\nNos designers sont l\u00e0 pour vous aider.<br \/>\nAppelez-nous au (514) 340-9351<\/p>\n","protected":false},"excerpt":{"rendered":"<p>Le canap\u00e9 Brice allie des courbes modernes \u00e0 un confort douillet. Recouvert de tissu Canberra Sand et dot\u00e9 d&rsquo;une base en laiton bross\u00e9, cet \u00e9l\u00e9gant canap\u00e9 apporte une touche douce et contemporaine \u00e0 tout espace de vie. \u00c9galement disponible en tissu Boucl\u00e9 Cream.    <\/p>\n","protected":false},"featured_media":179194,"template":"","meta":{"_kad_blocks_custom_css":"","_kad_blocks_head_custom_js":"","_kad_blocks_body_custom_js":"","_kad_blocks_footer_custom_js":"","_kad_post_transparent":"","_kad_post_title":"","_kad_post_layout":"","_kad_post_sidebar_id":"","_kad_post_content_style":"","_kad_post_vertical_padding":"","_kad_post_feature":"","_kad_post_feature_position":"","_kad_post_header":false,"_kad_post_footer":false,"_kad_post_classname":""},"product_brand":[],"product_cat":[1331],"product_tag":[1482],"class_list":{"0":"post-179153","1":"product","2":"type-product","3":"status-publish","4":"has-post-thumbnail","6":"product_cat-canapes-haut-de-gamme","7":"product_tag-vreeland-fr-2","9":"first","10":"instock","11":"product-type-simple","12":"entry","13":"content-bg","14":"loop-entry"},"taxonomy_info":{"product_cat":[{"value":1331,"label":"Canap\u00e9s"}],"product_tag":[{"value":1482,"label":"Vreeland"}]},"featured_image_src_large":["https:\/\/www.avenuedesigncanada.com\/wp-content\/uploads\/2022\/08\/A115323_2_1_1-2-1024x1024.jpg",1024,1024,true],"author_info":[],"comment_info":"","_links":{"self":[{"href":"https:\/\/www.avenuedesigncanada.com\/fr\/wp-json\/wp\/v2\/product\/179153","targetHints":{"allow":["GET"]}}],"collection":[{"href":"https:\/\/www.avenuedesigncanada.com\/fr\/wp-json\/wp\/v2\/product"}],"about":[{"href":"https:\/\/www.avenuedesigncanada.com\/fr\/wp-json\/wp\/v2\/types\/product"}],"wp:featuredmedia":[{"embeddable":true,"href":"https:\/\/www.avenuedesigncanada.com\/fr\/wp-json\/wp\/v2\/media\/179194"}],"wp:attachment":[{"href":"https:\/\/www.avenuedesigncanada.com\/fr\/wp-json\/wp\/v2\/media?parent=179153"}],"wp:term":[{"taxonomy":"product_brand","embeddable":true,"href":"https:\/\/www.avenuedesigncanada.com\/fr\/wp-json\/wp\/v2\/product_brand?post=179153"},{"taxonomy":"product_cat","embeddable":true,"href":"https:\/\/www.avenuedesigncanada.com\/fr\/wp-json\/wp\/v2\/product_cat?post=179153"},{"taxonomy":"product_tag","embeddable":true,"href":"https:\/\/www.avenuedesigncanada.com\/fr\/wp-json\/wp\/v2\/product_tag?post=179153"}],"curies":[{"name":"wp","href":"https:\/\/api.w.org\/{rel}","templated":true}]}}

Canapé Brice

<p><em>Le canapé Brice présente les caractéristiques suivantes :</em></p>
<p>Tissu sable Canberra<br />
Base au fini laiton brossé</p>
<p>Options :<br />
Également offert en tissu Bouclé Crème, voir A114864</p>
<p>Vous avez des questions sur ce produit ?<br />
Nos designers sont là pour vous aider.<br />
Appelez-nous au (514) 340-9351</p>

<p>Le canapé Brice allie des courbes modernes à un confort douillet. Recouvert de tissu Canberra Sand et doté d&rsquo;une base en laiton brossé, cet élégant canapé apporte une touche douce et contemporaine à tout espace de vie. Également disponible en tissu Bouclé Cream.    </p>

Canapés
