{"id":179514,"date":"2022-10-14T10:50:04","date_gmt":"2022-10-14T14:50:04","guid":{"rendered":"https:\/\/www.avenuedesigncanada.com\/?post_type=product&#038;p=179514"},"modified":"2026-02-11T16:07:17","modified_gmt":"2026-02-11T21:07:17","slug":"canpe-kelly-boucle-creme","status":"publish","type":"product","link":"https:\/\/www.avenuedesigncanada.com\/fr\/product\/canpe-kelly-boucle-creme\/","title":{"rendered":"Canap\u00e9 Kelly &#8211; Boucl\u00e9 Cr\u00e8me"},"content":{"rendered":"<p><em>Le canap\u00e9 Kelly pr\u00e9sente les caract\u00e9ristiques suivantes :<\/em><\/p>\n<p>Tissu boucl\u00e9 cr\u00e8me<br \/>\nBase noire<\/p>\n<p>Options :<br \/>\n\u00c9galement offert en largeur de 118 po<\/p>\n<p>Vous avez des questions sur ce produit ?<br \/>\nNos designers sont l\u00e0 pour vous aider.<br \/>\nAppelez-nous au (514) 340-9351<\/p>\n","protected":false},"excerpt":{"rendered":"<p>Rembourr\u00e9 en tissu boucl\u00e9 de couleur cr\u00e8me, le Sofa Kelly apportera beaucoup de charme et de chaleur \u00e0 votre salon. Avec son design l\u00e9g\u00e8rement incurv\u00e9 et ses surpiq\u00fbres profondes, ce canap\u00e9 g\u00e9n\u00e9reux vous offrira une assise tr\u00e8s confortable.<\/p>\n","protected":false},"featured_media":179407,"template":"","meta":{"_kad_blocks_custom_css":"","_kad_blocks_head_custom_js":"","_kad_blocks_body_custom_js":"","_kad_blocks_footer_custom_js":"","_kad_post_transparent":"","_kad_post_title":"","_kad_post_layout":"","_kad_post_sidebar_id":"","_kad_post_content_style":"","_kad_post_vertical_padding":"","_kad_post_feature":"","_kad_post_feature_position":"","_kad_post_header":false,"_kad_post_footer":false,"_kad_post_classname":""},"product_brand":[],"product_cat":[1331],"product_tag":[1482],"class_list":{"0":"post-179514","1":"product","2":"type-product","3":"status-publish","4":"has-post-thumbnail","6":"product_cat-canapes-haut-de-gamme","7":"product_tag-vreeland-fr-2","9":"first","10":"instock","11":"taxable","12":"shipping-taxable","13":"product-type-simple","14":"entry","15":"content-bg","16":"loop-entry"},"taxonomy_info":{"product_cat":[{"value":1331,"label":"Canap\u00e9s"}],"product_tag":[{"value":1482,"label":"Vreeland"}]},"featured_image_src_large":["https:\/\/www.avenuedesigncanada.com\/wp-content\/uploads\/2022\/10\/A114916_2_1_1-2-1024x1024.jpg",1024,1024,true],"author_info":[],"comment_info":"","_links":{"self":[{"href":"https:\/\/www.avenuedesigncanada.com\/fr\/wp-json\/wp\/v2\/product\/179514","targetHints":{"allow":["GET"]}}],"collection":[{"href":"https:\/\/www.avenuedesigncanada.com\/fr\/wp-json\/wp\/v2\/product"}],"about":[{"href":"https:\/\/www.avenuedesigncanada.com\/fr\/wp-json\/wp\/v2\/types\/product"}],"wp:featuredmedia":[{"embeddable":true,"href":"https:\/\/www.avenuedesigncanada.com\/fr\/wp-json\/wp\/v2\/media\/179407"}],"wp:attachment":[{"href":"https:\/\/www.avenuedesigncanada.com\/fr\/wp-json\/wp\/v2\/media?parent=179514"}],"wp:term":[{"taxonomy":"product_brand","embeddable":true,"href":"https:\/\/www.avenuedesigncanada.com\/fr\/wp-json\/wp\/v2\/product_brand?post=179514"},{"taxonomy":"product_cat","embeddable":true,"href":"https:\/\/www.avenuedesigncanada.com\/fr\/wp-json\/wp\/v2\/product_cat?post=179514"},{"taxonomy":"product_tag","embeddable":true,"href":"https:\/\/www.avenuedesigncanada.com\/fr\/wp-json\/wp\/v2\/product_tag?post=179514"}],"curies":[{"name":"wp","href":"https:\/\/api.w.org\/{rel}","templated":true}]}}

Canapé Kelly &#8211; Bouclé Crème

<p><em>Le canapé Kelly présente les caractéristiques suivantes :</em></p>
<p>Tissu bouclé crème<br />
Base noire</p>
<p>Options :<br />
Également offert en largeur de 118 po</p>
<p>Vous avez des questions sur ce produit ?<br />
Nos designers sont là pour vous aider.<br />
Appelez-nous au (514) 340-9351</p>

<p>Rembourré en tissu bouclé de couleur crème, le Sofa Kelly apportera beaucoup de charme et de chaleur à votre salon. Avec son design légèrement incurvé et ses surpiqûres profondes, ce canapé généreux vous offrira une assise très confortable.</p>

Canapés
