{"id":220247,"date":"2023-02-10T10:09:52","date_gmt":"2023-02-10T15:09:52","guid":{"rendered":"https:\/\/www.avenuedesigncanada.com\/?post_type=product&#038;p=220247"},"modified":"2026-02-12T10:15:46","modified_gmt":"2026-02-12T15:15:46","slug":"commode-solaria","status":"publish","type":"product","link":"https:\/\/www.avenuedesigncanada.com\/fr\/product\/commode-solaria\/","title":{"rendered":"Commode Solaria"},"content":{"rendered":"<p><em>La commode Solaria pr\u00e9sente les caract\u00e9ristiques suivantes :<\/em><br \/>\nSolides en fr\u00eane taill\u00e9 en quart et placages en ch\u00eane blanc taill\u00e9 en quart dans un fini \u00a0\u00bb Weathered Bone \u00a0\u00bb (os us\u00e9 par le temps). Six tiroirs avec fa\u00e7ades en r\u00e9sine moul\u00e9e \u00e0 motif cisel\u00e9 et tirette \u00e0 doigt. Pieds en fonte d&rsquo;aluminium nickel brillant, patins r\u00e9glables et kit anti-basculement. Ne convient pas pour un t\u00e9l\u00e9viseur.   <\/p>\n<p>Vous avez des questions sur ce produit ?<br \/>\nNos concepteurs sont l\u00e0 pour vous aider.<br \/>\nAppelez-nous au (514) 340-9351<\/p>\n","protected":false},"excerpt":{"rendered":"<p>Des contrastes discrets sont r\u00e9unis dans la commode Solaria. Le bois d\u00e9lav\u00e9 par le soleil, la r\u00e9sine moul\u00e9e cisel\u00e9e et le m\u00e9tal textur\u00e9 se m\u00e9langent pour former une \u00e9tonnante alchimie de design. Six tiroirs offrent un rangement essentiel pour la chambre \u00e0 coucher.<\/p>\n","protected":false},"featured_media":220257,"template":"","meta":{"_kad_blocks_custom_css":"","_kad_blocks_head_custom_js":"","_kad_blocks_body_custom_js":"","_kad_blocks_footer_custom_js":"","_kad_post_transparent":"","_kad_post_title":"","_kad_post_layout":"","_kad_post_sidebar_id":"","_kad_post_content_style":"","_kad_post_vertical_padding":"","_kad_post_feature":"","_kad_post_feature_position":"","_kad_post_header":false,"_kad_post_footer":false,"_kad_post_classname":""},"product_brand":[],"product_cat":[1298],"product_tag":[1844],"class_list":{"0":"post-220247","1":"product","2":"type-product","3":"status-publish","4":"has-post-thumbnail","6":"product_cat-commodes","7":"product_tag-barcelona-cg-fr-2","9":"first","10":"instock","11":"taxable","12":"shipping-taxable","13":"product-type-simple","14":"entry","15":"content-bg","16":"loop-entry"},"taxonomy_info":{"product_cat":[{"value":1298,"label":"Commodes"}],"product_tag":[{"value":1844,"label":"BARCELONA - CG"}]},"featured_image_src_large":["https:\/\/www.avenuedesigncanada.com\/wp-content\/uploads\/2023\/02\/310042-1024x1024.jpg",1024,1024,true],"author_info":[],"comment_info":"","_links":{"self":[{"href":"https:\/\/www.avenuedesigncanada.com\/fr\/wp-json\/wp\/v2\/product\/220247","targetHints":{"allow":["GET"]}}],"collection":[{"href":"https:\/\/www.avenuedesigncanada.com\/fr\/wp-json\/wp\/v2\/product"}],"about":[{"href":"https:\/\/www.avenuedesigncanada.com\/fr\/wp-json\/wp\/v2\/types\/product"}],"wp:featuredmedia":[{"embeddable":true,"href":"https:\/\/www.avenuedesigncanada.com\/fr\/wp-json\/wp\/v2\/media\/220257"}],"wp:attachment":[{"href":"https:\/\/www.avenuedesigncanada.com\/fr\/wp-json\/wp\/v2\/media?parent=220247"}],"wp:term":[{"taxonomy":"product_brand","embeddable":true,"href":"https:\/\/www.avenuedesigncanada.com\/fr\/wp-json\/wp\/v2\/product_brand?post=220247"},{"taxonomy":"product_cat","embeddable":true,"href":"https:\/\/www.avenuedesigncanada.com\/fr\/wp-json\/wp\/v2\/product_cat?post=220247"},{"taxonomy":"product_tag","embeddable":true,"href":"https:\/\/www.avenuedesigncanada.com\/fr\/wp-json\/wp\/v2\/product_tag?post=220247"}],"curies":[{"name":"wp","href":"https:\/\/api.w.org\/{rel}","templated":true}]}}

<p><em>La commode Solaria présente les caractéristiques suivantes :</em><br />
Solides en frêne taillé en quart et placages en chêne blanc taillé en quart dans un fini  » Weathered Bone  » (os usé par le temps). Six tiroirs avec façades en résine moulée à motif ciselé et tirette à doigt. Pieds en fonte d&rsquo;aluminium nickel brillant, patins réglables et kit anti-basculement. Ne convient pas pour un téléviseur.   </p>
<p>Vous avez des questions sur ce produit ?<br />
Nos concepteurs sont là pour vous aider.<br />
Appelez-nous au (514) 340-9351</p>

<p>Des contrastes discrets sont réunis dans la commode Solaria. Le bois délavé par le soleil, la résine moulée ciselée et le métal texturé se mélangent pour former une étonnante alchimie de design. Six tiroirs offrent un rangement essentiel pour la chambre à coucher.</p>
