{"id":220264,"date":"2023-02-10T10:30:27","date_gmt":"2023-02-10T15:30:27","guid":{"rendered":"https:\/\/www.avenuedesigncanada.com\/?post_type=product&#038;p=220264"},"modified":"2026-02-12T10:15:46","modified_gmt":"2026-02-12T15:15:46","slug":"commode-solaria-2","status":"publish","type":"product","link":"https:\/\/www.avenuedesigncanada.com\/fr\/product\/commode-solaria-2\/","title":{"rendered":"Commode Solaria"},"content":{"rendered":"<p><em>La commode Solaria pr\u00e9sente les caract\u00e9ristiques suivantes :<\/em><br \/>\nSolides en fr\u00eane taill\u00e9 en quart et placages en ch\u00eane blanc taill\u00e9 en quart au fini Dune. Neuf tiroirs avec poign\u00e9es en m\u00e9tal au fini Graphite, glissi\u00e8res r\u00e9glables et kit anti-basculement. Ne convient pas pour la t\u00e9l\u00e9vision.  <\/p>\n<p>Vous avez des questions sur ce produit ?<br \/>\nNos concepteurs sont l\u00e0 pour vous aider.<br \/>\nAppelez-nous au (514) 340-9351<\/p>\n","protected":false},"excerpt":{"rendered":"<p>La subtilit\u00e9 d\u00e9finit la commode Solaria, fabriqu\u00e9e \u00e0 partir de bois massif de fr\u00eane et de placages de ch\u00eane blanc dans une finition Dune. \u00c0 premi\u00e8re vue, il semble \u00eatre un mod\u00e8le tout en bois, mais l&rsquo;\u00e9clat discret des poign\u00e9es m\u00e9talliques attire le regard et pr\u00e9cise la forme. Neuf tiroirs de tailles diff\u00e9rentes permettent de cr\u00e9er un espace de rangement essentiel dans la chambre.<\/p>\n","protected":false},"featured_media":220274,"template":"","meta":{"_kad_blocks_custom_css":"","_kad_blocks_head_custom_js":"","_kad_blocks_body_custom_js":"","_kad_blocks_footer_custom_js":"","_kad_post_transparent":"","_kad_post_title":"","_kad_post_layout":"","_kad_post_sidebar_id":"","_kad_post_content_style":"","_kad_post_vertical_padding":"","_kad_post_feature":"","_kad_post_feature_position":"","_kad_post_header":false,"_kad_post_footer":false,"_kad_post_classname":""},"product_brand":[],"product_cat":[1298],"product_tag":[1844],"class_list":{"0":"post-220264","1":"product","2":"type-product","3":"status-publish","4":"has-post-thumbnail","6":"product_cat-commodes","7":"product_tag-barcelona-cg-fr-2","9":"first","10":"instock","11":"taxable","12":"shipping-taxable","13":"product-type-simple","14":"entry","15":"content-bg","16":"loop-entry"},"taxonomy_info":{"product_cat":[{"value":1298,"label":"Commodes"}],"product_tag":[{"value":1844,"label":"BARCELONA - CG"}]},"featured_image_src_large":["https:\/\/www.avenuedesigncanada.com\/wp-content\/uploads\/2023\/02\/310052-1024x1024.jpg",1024,1024,true],"author_info":[],"comment_info":"","_links":{"self":[{"href":"https:\/\/www.avenuedesigncanada.com\/fr\/wp-json\/wp\/v2\/product\/220264","targetHints":{"allow":["GET"]}}],"collection":[{"href":"https:\/\/www.avenuedesigncanada.com\/fr\/wp-json\/wp\/v2\/product"}],"about":[{"href":"https:\/\/www.avenuedesigncanada.com\/fr\/wp-json\/wp\/v2\/types\/product"}],"wp:featuredmedia":[{"embeddable":true,"href":"https:\/\/www.avenuedesigncanada.com\/fr\/wp-json\/wp\/v2\/media\/220274"}],"wp:attachment":[{"href":"https:\/\/www.avenuedesigncanada.com\/fr\/wp-json\/wp\/v2\/media?parent=220264"}],"wp:term":[{"taxonomy":"product_brand","embeddable":true,"href":"https:\/\/www.avenuedesigncanada.com\/fr\/wp-json\/wp\/v2\/product_brand?post=220264"},{"taxonomy":"product_cat","embeddable":true,"href":"https:\/\/www.avenuedesigncanada.com\/fr\/wp-json\/wp\/v2\/product_cat?post=220264"},{"taxonomy":"product_tag","embeddable":true,"href":"https:\/\/www.avenuedesigncanada.com\/fr\/wp-json\/wp\/v2\/product_tag?post=220264"}],"curies":[{"name":"wp","href":"https:\/\/api.w.org\/{rel}","templated":true}]}}

<p><em>La commode Solaria présente les caractéristiques suivantes :</em><br />
Solides en frêne taillé en quart et placages en chêne blanc taillé en quart au fini Dune. Neuf tiroirs avec poignées en métal au fini Graphite, glissières réglables et kit anti-basculement. Ne convient pas pour la télévision.  </p>
<p>Vous avez des questions sur ce produit ?<br />
Nos concepteurs sont là pour vous aider.<br />
Appelez-nous au (514) 340-9351</p>

<p>La subtilité définit la commode Solaria, fabriquée à partir de bois massif de frêne et de placages de chêne blanc dans une finition Dune. À première vue, il semble être un modèle tout en bois, mais l&rsquo;éclat discret des poignées métalliques attire le regard et précise la forme. Neuf tiroirs de tailles différentes permettent de créer un espace de rangement essentiel dans la chambre.</p>
