{"id":244314,"date":"2023-06-21T09:21:57","date_gmt":"2023-06-21T13:21:57","guid":{"rendered":"https:\/\/www.avenuedesigncanada.com\/?post_type=product&#038;p=244314"},"modified":"2026-02-12T10:16:30","modified_gmt":"2026-02-12T15:16:30","slug":"table-a-cafe-ikal","status":"publish","type":"product","link":"https:\/\/www.avenuedesigncanada.com\/fr\/product\/table-a-cafe-ikal\/","title":{"rendered":"Table \u00e0 caf\u00e9 Ikal"},"content":{"rendered":"<p><em>Les caract\u00e9ristiques de la table \u00e0 caf\u00e9 Ikal:<\/em><\/p>\n<p>Base en travertin<br \/>\nPlateau en verre clair<\/p>\n<p>Remarque :<br \/>\nLe travertin est un mat\u00e9riau naturel ; chaque pi\u00e8ce pr\u00e9sente des diff\u00e9rences de couleur et de texture.<\/p>\n<p>Vous avez des questions sur ce produit ? Nos concepteurs sont l\u00e0 pour vous aider. Appelez-nous au (514) 340-9351  <\/p>\n","protected":false},"excerpt":{"rendered":"<p>\u00c9quilibrez la g\u00e9om\u00e9trie et la beaut\u00e9 organique dans votre maison avec la table basse Ikal en travertin et verre. Trois blocs de travertin massif, un type de pierre calcaire naturelle c\u00e9l\u00e8bre pour sa texture et sa composition uniques, sont assembl\u00e9s pour cr\u00e9er une base de table surmont\u00e9e d&rsquo;un plateau en verre transparent. Appr\u00e9ciez le caract\u00e8re distinctif que cette belle pi\u00e8ce ajoutera \u00e0 votre maison.<\/p>\n","protected":false},"featured_media":244320,"template":"","meta":{"_kad_blocks_custom_css":"","_kad_blocks_head_custom_js":"","_kad_blocks_body_custom_js":"","_kad_blocks_footer_custom_js":"","_kad_post_transparent":"","_kad_post_title":"","_kad_post_layout":"","_kad_post_sidebar_id":"","_kad_post_content_style":"","_kad_post_vertical_padding":"","_kad_post_feature":"","_kad_post_feature_position":"","_kad_post_header":false,"_kad_post_footer":false,"_kad_post_classname":""},"product_brand":[],"product_cat":[1327],"product_tag":[1482],"class_list":{"0":"post-244314","1":"product","2":"type-product","3":"status-publish","4":"has-post-thumbnail","6":"product_cat-salon-tables-a-cafe","7":"product_tag-vreeland-fr-2","9":"first","10":"instock","11":"taxable","12":"shipping-taxable","13":"product-type-simple","14":"entry","15":"content-bg","16":"loop-entry"},"taxonomy_info":{"product_cat":[{"value":1327,"label":"Tables \u00e0 caf\u00e9"}],"product_tag":[{"value":1482,"label":"Vreeland"}]},"featured_image_src_large":["https:\/\/www.avenuedesigncanada.com\/wp-content\/uploads\/2023\/06\/115815_0_1_1-1024x1024.jpg",1024,1024,true],"author_info":[],"comment_info":"","_links":{"self":[{"href":"https:\/\/www.avenuedesigncanada.com\/fr\/wp-json\/wp\/v2\/product\/244314","targetHints":{"allow":["GET"]}}],"collection":[{"href":"https:\/\/www.avenuedesigncanada.com\/fr\/wp-json\/wp\/v2\/product"}],"about":[{"href":"https:\/\/www.avenuedesigncanada.com\/fr\/wp-json\/wp\/v2\/types\/product"}],"wp:featuredmedia":[{"embeddable":true,"href":"https:\/\/www.avenuedesigncanada.com\/fr\/wp-json\/wp\/v2\/media\/244320"}],"wp:attachment":[{"href":"https:\/\/www.avenuedesigncanada.com\/fr\/wp-json\/wp\/v2\/media?parent=244314"}],"wp:term":[{"taxonomy":"product_brand","embeddable":true,"href":"https:\/\/www.avenuedesigncanada.com\/fr\/wp-json\/wp\/v2\/product_brand?post=244314"},{"taxonomy":"product_cat","embeddable":true,"href":"https:\/\/www.avenuedesigncanada.com\/fr\/wp-json\/wp\/v2\/product_cat?post=244314"},{"taxonomy":"product_tag","embeddable":true,"href":"https:\/\/www.avenuedesigncanada.com\/fr\/wp-json\/wp\/v2\/product_tag?post=244314"}],"curies":[{"name":"wp","href":"https:\/\/api.w.org\/{rel}","templated":true}]}}

Table à café Ikal

<p><em>Les caractéristiques de la table à café Ikal:</em></p>
<p>Base en travertin<br />
Plateau en verre clair</p>
<p>Remarque :<br />
Le travertin est un matériau naturel ; chaque pièce présente des différences de couleur et de texture.</p>
<p>Vous avez des questions sur ce produit ? Nos concepteurs sont là pour vous aider. Appelez-nous au (514) 340-9351  </p>

<p>Équilibrez la géométrie et la beauté organique dans votre maison avec la table basse Ikal en travertin et verre. Trois blocs de travertin massif, un type de pierre calcaire naturelle célèbre pour sa texture et sa composition uniques, sont assemblés pour créer une base de table surmontée d&rsquo;un plateau en verre transparent. Appréciez le caractère distinctif que cette belle pièce ajoutera à votre maison.</p>

Tables à café
