{"id":253304,"date":"2023-09-18T11:47:49","date_gmt":"2023-09-18T15:47:49","guid":{"rendered":"https:\/\/www.avenuedesigncanada.com\/?post_type=product&#038;p=253304"},"modified":"2026-02-12T10:16:52","modified_gmt":"2026-02-12T15:16:52","slug":"lit-a-panneaux-stratum-2","status":"publish","type":"product","link":"https:\/\/www.avenuedesigncanada.com\/fr\/product\/lit-a-panneaux-stratum-2\/","title":{"rendered":"Lit \u00e0 panneaux Stratum"},"content":{"rendered":"<p><em>Les caract\u00e9ristiques du lit \u00e0 panneaux Stratum:<\/em><\/p>\n<p>T\u00eate de lit avec appui-t\u00eate rembourr\u00e9, ainsi que le pied de lit et les c\u00f4t\u00e9s en tissu B107.<\/p>\n<p>Pieds en bois apparent en finition Mist<\/p>\n<p>Cinq lattes en bois avec des pieds centraux doubles ajustables<\/p>\n<p>Options<\/p>\n<p><em>Note:<\/em> La t\u00eate de lit ne peut pas \u00eatre utilisi\u00e9e seule. Doit \u00eatre command\u00e9 avec le pied de lit\/les panneaux lat\u00e9raux.<\/p>\n<p>Grand lit, L: 66.13 P: 92.63 H: 64&Prime;<\/p>\n<p>Tr\u00e8s grand lit, L: 82.13 P: 92.63 H: 64&Prime;<\/p>\n<p><span style=\"font-weight: 400;\">Vous avez des questions sur ce produit ?<\/p>\n<p><\/span><span style=\"font-weight: 400;\">Nos designers sont l\u00e0 pour vous aider.<\/span> Appelez-nous au (514) 340-9351.<\/p>\n","protected":false},"excerpt":{"rendered":"<p>Les lignes droites conf\u00e8rent au lit \u00e0 panneaux Stratum une allure g\u00e9om\u00e9trique moderne. Un cadre en bois apparent en finition Mist entoure les panneaux recouverts de la t\u00eate et du pied de lit. Un pli profond dans la t\u00eate de lit offre une esth\u00e9tique raffin\u00e9e avec un glamour discret.<\/p>\n<p>&nbsp;<\/p>\n","protected":false},"featured_media":253306,"template":"","meta":{"_kad_blocks_custom_css":"","_kad_blocks_head_custom_js":"","_kad_blocks_body_custom_js":"","_kad_blocks_footer_custom_js":"","_kad_post_transparent":"default","_kad_post_title":"","_kad_post_layout":"default","_kad_post_sidebar_id":"","_kad_post_content_style":"default","_kad_post_vertical_padding":"default","_kad_post_feature":"","_kad_post_feature_position":"","_kad_post_header":false,"_kad_post_footer":false,"_kad_post_classname":""},"product_brand":[],"product_cat":[1296],"product_tag":[1851],"class_list":{"0":"post-253304","1":"product","2":"type-product","3":"status-publish","4":"has-post-thumbnail","6":"product_cat-lits","7":"product_tag-barcelona-fr","9":"first","10":"instock","11":"taxable","12":"shipping-taxable","13":"product-type-simple","14":"entry","15":"content-bg","16":"loop-entry"},"taxonomy_info":{"product_cat":[{"value":1296,"label":"Lits"}],"product_tag":[{"value":1851,"label":"BARCELONA"}]},"featured_image_src_large":["https:\/\/www.avenuedesigncanada.com\/wp-content\/uploads\/2023\/09\/K1896-1024x1024.jpg",1024,1024,true],"author_info":[],"comment_info":"","_links":{"self":[{"href":"https:\/\/www.avenuedesigncanada.com\/fr\/wp-json\/wp\/v2\/product\/253304","targetHints":{"allow":["GET"]}}],"collection":[{"href":"https:\/\/www.avenuedesigncanada.com\/fr\/wp-json\/wp\/v2\/product"}],"about":[{"href":"https:\/\/www.avenuedesigncanada.com\/fr\/wp-json\/wp\/v2\/types\/product"}],"wp:featuredmedia":[{"embeddable":true,"href":"https:\/\/www.avenuedesigncanada.com\/fr\/wp-json\/wp\/v2\/media\/253306"}],"wp:attachment":[{"href":"https:\/\/www.avenuedesigncanada.com\/fr\/wp-json\/wp\/v2\/media?parent=253304"}],"wp:term":[{"taxonomy":"product_brand","embeddable":true,"href":"https:\/\/www.avenuedesigncanada.com\/fr\/wp-json\/wp\/v2\/product_brand?post=253304"},{"taxonomy":"product_cat","embeddable":true,"href":"https:\/\/www.avenuedesigncanada.com\/fr\/wp-json\/wp\/v2\/product_cat?post=253304"},{"taxonomy":"product_tag","embeddable":true,"href":"https:\/\/www.avenuedesigncanada.com\/fr\/wp-json\/wp\/v2\/product_tag?post=253304"}],"curies":[{"name":"wp","href":"https:\/\/api.w.org\/{rel}","templated":true}]}}

Lit à panneaux Stratum

<p><em>Les caractéristiques du lit à panneaux Stratum:</em></p>
<p>Tête de lit avec appui-tête rembourré, ainsi que le pied de lit et les côtés en tissu B107.</p>
<p>Pieds en bois apparent en finition Mist</p>
<p>Cinq lattes en bois avec des pieds centraux doubles ajustables</p>
<p>Options</p>
<p><em>Note:</em> La tête de lit ne peut pas être utilisiée seule. Doit être commandé avec le pied de lit/les panneaux latéraux.</p>
<p>Grand lit, L: 66.13 P: 92.63 H: 64&Prime;</p>
<p>Très grand lit, L: 82.13 P: 92.63 H: 64&Prime;</p>
<p><span style="font-weight: 400;">Vous avez des questions sur ce produit ?</p>
<p></span><span style="font-weight: 400;">Nos designers sont là pour vous aider.</span> Appelez-nous au (514) 340-9351.</p>

<p>Les lignes droites confèrent au lit à panneaux Stratum une allure géométrique moderne. Un cadre en bois apparent en finition Mist entoure les panneaux recouverts de la tête et du pied de lit. Un pli profond dans la tête de lit offre une esthétique raffinée avec un glamour discret.</p>
<p>&nbsp;</p>
