{"id":253401,"date":"2023-09-20T10:33:57","date_gmt":"2023-09-20T14:33:57","guid":{"rendered":"https:\/\/www.avenuedesigncanada.com\/?post_type=product&#038;p=253401"},"modified":"2026-02-12T10:16:54","modified_gmt":"2026-02-12T15:16:54","slug":"commode-stratum-2","status":"publish","type":"product","link":"https:\/\/www.avenuedesigncanada.com\/fr\/product\/commode-stratum-2\/","title":{"rendered":"Commode Stratum"},"content":{"rendered":"<p><em>La commode Stratum pr\u00e9sente les caract\u00e9ristiques suivantes :<\/em><br \/>\nBois de fr\u00eane massif et placage d&rsquo;ing\u00e9nierie en finition Mist. Six tiroirs \u00e0 fermeture progressive avec poign\u00e9es en m\u00e9tal nickel poli, cadres de support des extr\u00e9mit\u00e9s ouvertes en acier nickel poli, glissi\u00e8res r\u00e9glables et kit anti-basculement inclus. Ne convient pas pour la t\u00e9l\u00e9vision.  <\/p>\n<p>Vous avez des questions sur ce produit ?<br \/>\nNos concepteurs sont l\u00e0 pour vous aider.<br \/>\nAppelez-nous au (514) 340-9351<\/p>\n","protected":false},"excerpt":{"rendered":"<p>La commode Stratum offre un peu de glamour avec l&rsquo;\u00e9clat du m\u00e9tal poli des cadres ouverts et des ferrures \u00e9l\u00e9gantes. La finition Mist fait ressortir un magnifique motif de grain de bois. Six portes \u00e0 fermeture douce offrent un grand espace de rangement.<\/p>\n<p>&nbsp;<\/p>\n","protected":false},"featured_media":253403,"template":"","meta":{"_kad_blocks_custom_css":"","_kad_blocks_head_custom_js":"","_kad_blocks_body_custom_js":"","_kad_blocks_footer_custom_js":"","_kad_post_transparent":"","_kad_post_title":"","_kad_post_layout":"","_kad_post_sidebar_id":"","_kad_post_content_style":"","_kad_post_vertical_padding":"","_kad_post_feature":"","_kad_post_feature_position":"","_kad_post_header":false,"_kad_post_footer":false,"_kad_post_classname":""},"product_brand":[],"product_cat":[1298],"product_tag":[1844],"class_list":{"0":"post-253401","1":"product","2":"type-product","3":"status-publish","4":"has-post-thumbnail","6":"product_cat-commodes","7":"product_tag-barcelona-cg-fr-2","9":"first","10":"instock","11":"taxable","12":"shipping-taxable","13":"product-type-simple","14":"entry","15":"content-bg","16":"loop-entry"},"taxonomy_info":{"product_cat":[{"value":1298,"label":"Commodes"}],"product_tag":[{"value":1844,"label":"BARCELONA - CG"}]},"featured_image_src_large":["https:\/\/www.avenuedesigncanada.com\/wp-content\/uploads\/2023\/09\/325052-1024x1024.jpg",1024,1024,true],"author_info":[],"comment_info":"","_links":{"self":[{"href":"https:\/\/www.avenuedesigncanada.com\/fr\/wp-json\/wp\/v2\/product\/253401","targetHints":{"allow":["GET"]}}],"collection":[{"href":"https:\/\/www.avenuedesigncanada.com\/fr\/wp-json\/wp\/v2\/product"}],"about":[{"href":"https:\/\/www.avenuedesigncanada.com\/fr\/wp-json\/wp\/v2\/types\/product"}],"wp:featuredmedia":[{"embeddable":true,"href":"https:\/\/www.avenuedesigncanada.com\/fr\/wp-json\/wp\/v2\/media\/253403"}],"wp:attachment":[{"href":"https:\/\/www.avenuedesigncanada.com\/fr\/wp-json\/wp\/v2\/media?parent=253401"}],"wp:term":[{"taxonomy":"product_brand","embeddable":true,"href":"https:\/\/www.avenuedesigncanada.com\/fr\/wp-json\/wp\/v2\/product_brand?post=253401"},{"taxonomy":"product_cat","embeddable":true,"href":"https:\/\/www.avenuedesigncanada.com\/fr\/wp-json\/wp\/v2\/product_cat?post=253401"},{"taxonomy":"product_tag","embeddable":true,"href":"https:\/\/www.avenuedesigncanada.com\/fr\/wp-json\/wp\/v2\/product_tag?post=253401"}],"curies":[{"name":"wp","href":"https:\/\/api.w.org\/{rel}","templated":true}]}}

<p><em>La commode Stratum présente les caractéristiques suivantes :</em><br />
Bois de frêne massif et placage d&rsquo;ingénierie en finition Mist. Six tiroirs à fermeture progressive avec poignées en métal nickel poli, cadres de support des extrémités ouvertes en acier nickel poli, glissières réglables et kit anti-basculement inclus. Ne convient pas pour la télévision.  </p>
<p>Vous avez des questions sur ce produit ?<br />
Nos concepteurs sont là pour vous aider.<br />
Appelez-nous au (514) 340-9351</p>

<p>La commode Stratum offre un peu de glamour avec l&rsquo;éclat du métal poli des cadres ouverts et des ferrures élégantes. La finition Mist fait ressortir un magnifique motif de grain de bois. Six portes à fermeture douce offrent un grand espace de rangement.</p>
<p>&nbsp;</p>
