{"id":253494,"date":"2023-09-20T11:44:04","date_gmt":"2023-09-20T15:44:04","guid":{"rendered":"https:\/\/www.avenuedesigncanada.com\/?post_type=product&#038;p=253494"},"modified":"2026-02-12T10:16:56","modified_gmt":"2026-02-12T15:16:56","slug":"chaise-a-bras-stratum-copy-copy","status":"publish","type":"product","link":"https:\/\/www.avenuedesigncanada.com\/fr\/product\/chaise-a-bras-stratum-copy-copy\/","title":{"rendered":"Chaise \u00e0 bras Stratum"},"content":{"rendered":"<p><em>Les caract\u00e9ristiques de la chaise \u00e0 bras Stratum:<\/em><\/p>\n<p>Dossier, accoudoirs et assise tapiss\u00e9s en tissu B100 et pieds apparents en fr\u00eane \u00e9quarri en finition Mist<br \/>\nGlides<\/p>\n<p>.<br \/>\nVous avez des questions sur ce produit ? Nos concepteurs sont l\u00e0 pour vous aider. Appelez-nous au (514) 340-9351  <\/p>\n","protected":false},"excerpt":{"rendered":"<p>La chaise \u00e0 accoudoir Stratum est \u00e9l\u00e9gante et sophistiqu\u00e9e, avec des accoudoirs profil\u00e9s et angulaires qui cr\u00e9ent une silhouette unique. La silhouette minimaliste offre un grand confort sur l&rsquo;assise et le dossier. Les pieds en bois expos\u00e9s sont finis en Mist<\/p>\n","protected":false},"featured_media":253512,"template":"","meta":{"_kad_blocks_custom_css":"","_kad_blocks_head_custom_js":"","_kad_blocks_body_custom_js":"","_kad_blocks_footer_custom_js":"","_kad_post_transparent":"","_kad_post_title":"","_kad_post_layout":"","_kad_post_sidebar_id":"","_kad_post_content_style":"","_kad_post_vertical_padding":"","_kad_post_feature":"","_kad_post_feature_position":"","_kad_post_header":false,"_kad_post_footer":false,"_kad_post_classname":""},"product_brand":[],"product_cat":[1302],"product_tag":[1365],"class_list":{"0":"post-253494","1":"product","2":"type-product","3":"status-publish","4":"has-post-thumbnail","6":"product_cat-chaises","7":"product_tag-barcelona-fr-2","9":"first","10":"instock","11":"taxable","12":"shipping-taxable","13":"product-type-simple","14":"entry","15":"content-bg","16":"loop-entry"},"taxonomy_info":{"product_cat":[{"value":1302,"label":"Chaises"}],"product_tag":[{"value":1365,"label":"BARCELONA"}]},"featured_image_src_large":["https:\/\/www.avenuedesigncanada.com\/wp-content\/uploads\/2023\/09\/325548_103-1024x1024.jpg",1024,1024,true],"author_info":[],"comment_info":"","_links":{"self":[{"href":"https:\/\/www.avenuedesigncanada.com\/fr\/wp-json\/wp\/v2\/product\/253494","targetHints":{"allow":["GET"]}}],"collection":[{"href":"https:\/\/www.avenuedesigncanada.com\/fr\/wp-json\/wp\/v2\/product"}],"about":[{"href":"https:\/\/www.avenuedesigncanada.com\/fr\/wp-json\/wp\/v2\/types\/product"}],"wp:featuredmedia":[{"embeddable":true,"href":"https:\/\/www.avenuedesigncanada.com\/fr\/wp-json\/wp\/v2\/media\/253512"}],"wp:attachment":[{"href":"https:\/\/www.avenuedesigncanada.com\/fr\/wp-json\/wp\/v2\/media?parent=253494"}],"wp:term":[{"taxonomy":"product_brand","embeddable":true,"href":"https:\/\/www.avenuedesigncanada.com\/fr\/wp-json\/wp\/v2\/product_brand?post=253494"},{"taxonomy":"product_cat","embeddable":true,"href":"https:\/\/www.avenuedesigncanada.com\/fr\/wp-json\/wp\/v2\/product_cat?post=253494"},{"taxonomy":"product_tag","embeddable":true,"href":"https:\/\/www.avenuedesigncanada.com\/fr\/wp-json\/wp\/v2\/product_tag?post=253494"}],"curies":[{"name":"wp","href":"https:\/\/api.w.org\/{rel}","templated":true}]}}

Chaise à bras Stratum

<p><em>Les caractéristiques de la chaise à bras Stratum:</em></p>
<p>Dossier, accoudoirs et assise tapissés en tissu B100 et pieds apparents en frêne équarri en finition Mist<br />
Glides</p>
<p>.<br />
Vous avez des questions sur ce produit ? Nos concepteurs sont là pour vous aider. Appelez-nous au (514) 340-9351  </p>

<p>La chaise à accoudoir Stratum est élégante et sophistiquée, avec des accoudoirs profilés et angulaires qui créent une silhouette unique. La silhouette minimaliste offre un grand confort sur l&rsquo;assise et le dossier. Les pieds en bois exposés sont finis en Mist</p>
