{"id":267813,"date":"2023-12-11T10:55:24","date_gmt":"2023-12-11T15:55:24","guid":{"rendered":"https:\/\/www.avenuedesigncanada.com\/?post_type=product&#038;p=267813"},"modified":"2026-02-12T10:46:46","modified_gmt":"2026-02-12T15:46:46","slug":"canape-agostino-nuoro-beige-copy","status":"publish","type":"product","link":"https:\/\/www.avenuedesigncanada.com\/fr\/product\/canape-agostino-nuoro-beige-copy\/","title":{"rendered":"Canap\u00e9 Novelle"},"content":{"rendered":"<p><em>Le canap\u00e9 Novelle pr\u00e9sente les caract\u00e9ristiques suivantes :<\/em><\/p>\n<p>Tissu Lyssa blanc cass\u00e9<br \/>\nBase noire<\/p>\n<p>Vous avez des questions sur ce produit ?<br \/>\nNos designers sont l\u00e0 pour vous aider.<br \/>\nAppelez-nous au (514) 340-9351<\/p>\n","protected":false},"excerpt":{"rendered":"<p>Inspir\u00e9 par le mobilier design italien post-moderne des ann\u00e9es 1970 et 1980, Sofa Novelle se caract\u00e9rise par des formes audacieuses et sculpturales. A statement piece that blends easily into any contemporary or eclectic interior style. Ce magnifique canap\u00e9 est recouvert par un doux rev\u00eatement Lyssa blanc cass\u00e9.<\/p>\n","protected":false},"featured_media":267827,"template":"","meta":{"_kad_blocks_custom_css":"","_kad_blocks_head_custom_js":"","_kad_blocks_body_custom_js":"","_kad_blocks_footer_custom_js":"","_kad_post_transparent":"","_kad_post_title":"","_kad_post_layout":"","_kad_post_sidebar_id":"","_kad_post_content_style":"","_kad_post_vertical_padding":"","_kad_post_feature":"","_kad_post_feature_position":"","_kad_post_header":false,"_kad_post_footer":false,"_kad_post_classname":""},"product_brand":[],"product_cat":[1331],"product_tag":[1482],"class_list":{"0":"post-267813","1":"product","2":"type-product","3":"status-publish","4":"has-post-thumbnail","6":"product_cat-canapes-haut-de-gamme","7":"product_tag-vreeland-fr-2","9":"first","10":"instock","11":"taxable","12":"shipping-taxable","13":"product-type-simple","14":"entry","15":"content-bg","16":"loop-entry"},"taxonomy_info":{"product_cat":[{"value":1331,"label":"Canap\u00e9s"}],"product_tag":[{"value":1482,"label":"Vreeland"}]},"featured_image_src_large":["https:\/\/www.avenuedesigncanada.com\/wp-content\/uploads\/2023\/12\/117655_2_1_1-1024x1024.jpg",1024,1024,true],"author_info":[],"comment_info":"","_links":{"self":[{"href":"https:\/\/www.avenuedesigncanada.com\/fr\/wp-json\/wp\/v2\/product\/267813","targetHints":{"allow":["GET"]}}],"collection":[{"href":"https:\/\/www.avenuedesigncanada.com\/fr\/wp-json\/wp\/v2\/product"}],"about":[{"href":"https:\/\/www.avenuedesigncanada.com\/fr\/wp-json\/wp\/v2\/types\/product"}],"wp:featuredmedia":[{"embeddable":true,"href":"https:\/\/www.avenuedesigncanada.com\/fr\/wp-json\/wp\/v2\/media\/267827"}],"wp:attachment":[{"href":"https:\/\/www.avenuedesigncanada.com\/fr\/wp-json\/wp\/v2\/media?parent=267813"}],"wp:term":[{"taxonomy":"product_brand","embeddable":true,"href":"https:\/\/www.avenuedesigncanada.com\/fr\/wp-json\/wp\/v2\/product_brand?post=267813"},{"taxonomy":"product_cat","embeddable":true,"href":"https:\/\/www.avenuedesigncanada.com\/fr\/wp-json\/wp\/v2\/product_cat?post=267813"},{"taxonomy":"product_tag","embeddable":true,"href":"https:\/\/www.avenuedesigncanada.com\/fr\/wp-json\/wp\/v2\/product_tag?post=267813"}],"curies":[{"name":"wp","href":"https:\/\/api.w.org\/{rel}","templated":true}]}}

Canapé Novelle

<p><em>Le canapé Novelle présente les caractéristiques suivantes :</em></p>
<p>Tissu Lyssa blanc cassé<br />
Base noire</p>
<p>Vous avez des questions sur ce produit ?<br />
Nos designers sont là pour vous aider.<br />
Appelez-nous au (514) 340-9351</p>

<p>Inspiré par le mobilier design italien post-moderne des années 1970 et 1980, Sofa Novelle se caractérise par des formes audacieuses et sculpturales. A statement piece that blends easily into any contemporary or eclectic interior style. Ce magnifique canapé est recouvert par un doux revêtement Lyssa blanc cassé.</p>

Canapés
