{"id":268973,"date":"2023-12-14T10:41:06","date_gmt":"2023-12-14T15:41:06","guid":{"rendered":"https:\/\/www.avenuedesigncanada.com\/?post_type=product&#038;p=268973"},"modified":"2026-02-12T10:46:51","modified_gmt":"2026-02-12T15:46:51","slug":"table-de-chevet-modesto-copy","status":"publish","type":"product","link":"https:\/\/www.avenuedesigncanada.com\/fr\/product\/table-de-chevet-modesto-copy\/","title":{"rendered":"Commode Modesto"},"content":{"rendered":"<p><em>La commode Modesto pr\u00e9sente les caract\u00e9ristiques suivantes :<\/em><br \/>\nPlacage de ch\u00eane moka avec finition en laiton bross\u00e9. Six tiroirs sur deux colonnes. <\/p>\n<p>Vous avez des questions sur ce produit ?<br \/>\nNos concepteurs sont l\u00e0 pour vous aider.<br \/>\nAppelez-nous au (514) 340-9351<\/p>\n","protected":false},"excerpt":{"rendered":"<p>La commode Modesto est un produit qui incarne l&rsquo;\u00e9l\u00e9gance et le luxe tout en offrant un rangement pratique. Fabriqu\u00e9e avec des mat\u00e9riaux de haute qualit\u00e9 et une silhouette intemporelle, cette pi\u00e8ce rehausse les chambres \u00e0 coucher avec une pr\u00e9sence raffin\u00e9e et une durabilit\u00e9 durable. Sa quincaillerie raffin\u00e9e et ses bords doux offrent une silhouette accueillante qui s&rsquo;harmonise avec un large \u00e9ventail de styles d&rsquo;int\u00e9rieur.  <\/p>\n","protected":false},"featured_media":268986,"template":"","meta":{"_kad_blocks_custom_css":"","_kad_blocks_head_custom_js":"","_kad_blocks_body_custom_js":"","_kad_blocks_footer_custom_js":"","_kad_post_transparent":"","_kad_post_title":"","_kad_post_layout":"","_kad_post_sidebar_id":"","_kad_post_content_style":"","_kad_post_vertical_padding":"","_kad_post_feature":"","_kad_post_feature_position":"","_kad_post_header":false,"_kad_post_footer":false,"_kad_post_classname":""},"product_brand":[],"product_cat":[1298],"product_tag":[1482],"class_list":{"0":"post-268973","1":"product","2":"type-product","3":"status-publish","4":"has-post-thumbnail","6":"product_cat-commodes","7":"product_tag-vreeland-fr-2","9":"first","10":"instock","11":"taxable","12":"shipping-taxable","13":"product-type-simple","14":"entry","15":"content-bg","16":"loop-entry"},"taxonomy_info":{"product_cat":[{"value":1298,"label":"Commodes"}],"product_tag":[{"value":1482,"label":"Vreeland"}]},"featured_image_src_large":["https:\/\/www.avenuedesigncanada.com\/wp-content\/uploads\/2023\/12\/117695_0_1_1-1024x1024.jpg",1024,1024,true],"author_info":[],"comment_info":"","_links":{"self":[{"href":"https:\/\/www.avenuedesigncanada.com\/fr\/wp-json\/wp\/v2\/product\/268973","targetHints":{"allow":["GET"]}}],"collection":[{"href":"https:\/\/www.avenuedesigncanada.com\/fr\/wp-json\/wp\/v2\/product"}],"about":[{"href":"https:\/\/www.avenuedesigncanada.com\/fr\/wp-json\/wp\/v2\/types\/product"}],"wp:featuredmedia":[{"embeddable":true,"href":"https:\/\/www.avenuedesigncanada.com\/fr\/wp-json\/wp\/v2\/media\/268986"}],"wp:attachment":[{"href":"https:\/\/www.avenuedesigncanada.com\/fr\/wp-json\/wp\/v2\/media?parent=268973"}],"wp:term":[{"taxonomy":"product_brand","embeddable":true,"href":"https:\/\/www.avenuedesigncanada.com\/fr\/wp-json\/wp\/v2\/product_brand?post=268973"},{"taxonomy":"product_cat","embeddable":true,"href":"https:\/\/www.avenuedesigncanada.com\/fr\/wp-json\/wp\/v2\/product_cat?post=268973"},{"taxonomy":"product_tag","embeddable":true,"href":"https:\/\/www.avenuedesigncanada.com\/fr\/wp-json\/wp\/v2\/product_tag?post=268973"}],"curies":[{"name":"wp","href":"https:\/\/api.w.org\/{rel}","templated":true}]}}

<p><em>La commode Modesto présente les caractéristiques suivantes :</em><br />
Placage de chêne moka avec finition en laiton brossé. Six tiroirs sur deux colonnes. </p>
<p>Vous avez des questions sur ce produit ?<br />
Nos concepteurs sont là pour vous aider.<br />
Appelez-nous au (514) 340-9351</p>

<p>La commode Modesto est un produit qui incarne l&rsquo;élégance et le luxe tout en offrant un rangement pratique. Fabriquée avec des matériaux de haute qualité et une silhouette intemporelle, cette pièce rehausse les chambres à coucher avec une présence raffinée et une durabilité durable. Sa quincaillerie raffinée et ses bords doux offrent une silhouette accueillante qui s&rsquo;harmonise avec un large éventail de styles d&rsquo;intérieur.  </p>
