{"id":272360,"date":"2024-01-10T13:37:12","date_gmt":"2024-01-10T18:37:12","guid":{"rendered":"https:\/\/www.avenuedesigncanada.com\/?post_type=product&#038;p=272360"},"modified":"2026-02-12T10:47:01","modified_gmt":"2026-02-12T15:47:01","slug":"console-media-crosby-charcoal-copy","status":"publish","type":"product","link":"https:\/\/www.avenuedesigncanada.com\/fr\/product\/console-media-crosby-charcoal-copy\/","title":{"rendered":"Parker Media Cabinet"},"content":{"rendered":"<p><em>Le meuble multim\u00e9dia Parker pr\u00e9sente les caract\u00e9ristiques suivantes :<\/em><\/p>\n<p>Placage de ch\u00eane droit moka<br \/>\nFinition en laiton bross\u00e9<\/p>\n<p>Vous avez des questions sur ce produit ?<br \/>\nNos designers sont l\u00e0 pour vous aider.<br \/>\nAppelez-nous au (514) 340-9351<\/p>\n","protected":false},"excerpt":{"rendered":"<p>Aussi fonctionnelle que tendance, cette armoire \u00e0 trois tiroirs constitue une base \u00e9l\u00e9gante dans votre salon ou votre espace de divertissement, offrant un vaste espace pour ranger vos appareils \u00e9lectroniques, vos collections de DVD, etc. Le cadre pr\u00e9sente une finition en laiton bross\u00e9 et les \u00e9tag\u00e8res sont en placage de ch\u00eane droit moka. <\/p>\n","protected":false},"featured_media":272370,"template":"","meta":{"_kad_blocks_custom_css":"","_kad_blocks_head_custom_js":"","_kad_blocks_body_custom_js":"","_kad_blocks_footer_custom_js":"","_kad_post_transparent":"","_kad_post_title":"","_kad_post_layout":"","_kad_post_sidebar_id":"","_kad_post_content_style":"","_kad_post_vertical_padding":"","_kad_post_feature":"","_kad_post_feature_position":"","_kad_post_header":false,"_kad_post_footer":false,"_kad_post_classname":""},"product_brand":[],"product_cat":[1326],"product_tag":[1482],"class_list":{"0":"post-272360","1":"product","2":"type-product","3":"status-publish","4":"has-post-thumbnail","6":"product_cat-cabinets-media","7":"product_tag-vreeland-fr-2","9":"first","10":"instock","11":"taxable","12":"shipping-taxable","13":"product-type-simple","14":"entry","15":"content-bg","16":"loop-entry"},"taxonomy_info":{"product_cat":[{"value":1326,"label":"Meubles Media"}],"product_tag":[{"value":1482,"label":"Vreeland"}]},"featured_image_src_large":["https:\/\/www.avenuedesigncanada.com\/wp-content\/uploads\/2024\/01\/115113_3_1_1-1024x1024.jpg",1024,1024,true],"author_info":[],"comment_info":"","_links":{"self":[{"href":"https:\/\/www.avenuedesigncanada.com\/fr\/wp-json\/wp\/v2\/product\/272360","targetHints":{"allow":["GET"]}}],"collection":[{"href":"https:\/\/www.avenuedesigncanada.com\/fr\/wp-json\/wp\/v2\/product"}],"about":[{"href":"https:\/\/www.avenuedesigncanada.com\/fr\/wp-json\/wp\/v2\/types\/product"}],"wp:featuredmedia":[{"embeddable":true,"href":"https:\/\/www.avenuedesigncanada.com\/fr\/wp-json\/wp\/v2\/media\/272370"}],"wp:attachment":[{"href":"https:\/\/www.avenuedesigncanada.com\/fr\/wp-json\/wp\/v2\/media?parent=272360"}],"wp:term":[{"taxonomy":"product_brand","embeddable":true,"href":"https:\/\/www.avenuedesigncanada.com\/fr\/wp-json\/wp\/v2\/product_brand?post=272360"},{"taxonomy":"product_cat","embeddable":true,"href":"https:\/\/www.avenuedesigncanada.com\/fr\/wp-json\/wp\/v2\/product_cat?post=272360"},{"taxonomy":"product_tag","embeddable":true,"href":"https:\/\/www.avenuedesigncanada.com\/fr\/wp-json\/wp\/v2\/product_tag?post=272360"}],"curies":[{"name":"wp","href":"https:\/\/api.w.org\/{rel}","templated":true}]}}

<p><em>Le meuble multimédia Parker présente les caractéristiques suivantes :</em></p>
<p>Placage de chêne droit moka<br />
Finition en laiton brossé</p>
<p>Vous avez des questions sur ce produit ?<br />
Nos designers sont là pour vous aider.<br />
Appelez-nous au (514) 340-9351</p>

<p>Aussi fonctionnelle que tendance, cette armoire à trois tiroirs constitue une base élégante dans votre salon ou votre espace de divertissement, offrant un vaste espace pour ranger vos appareils électroniques, vos collections de DVD, etc. Le cadre présente une finition en laiton brossé et les étagères sont en placage de chêne droit moka. </p>
