{"id":272631,"date":"2024-01-11T11:00:43","date_gmt":"2024-01-11T16:00:43","guid":{"rendered":"https:\/\/www.avenuedesigncanada.com\/?post_type=product&#038;p=272631"},"modified":"2026-02-12T10:47:04","modified_gmt":"2026-02-12T15:47:04","slug":"sectionnel-taraval-copy","status":"publish","type":"product","link":"https:\/\/www.avenuedesigncanada.com\/fr\/product\/sectionnel-taraval-copy\/","title":{"rendered":"Sectionnel Cabrera"},"content":{"rendered":"<p><em> Caract\u00e9ristiques du canap\u00e9 modulable Cabrera :<\/em><\/p>\n<p>Tissu Lyssa blanc cass\u00e9<\/p>\n<p>Base noire<\/p>\n<p>Petit module : 65.35 x P. 49.21 x H. 27.95\u2033.<\/p>\n<p>Grand module : 91.73 x P. 45.28 x H. 27.95\u2033<\/p>\n<p>Avez-vous des questions \u00e0 propos de ce produit ?<\/p>\n<p>Nos designers sont l\u00e0 pour vous aider.<\/p>\n<p>Appelez-nous au (514) 340-9351<\/p>\n","protected":false},"excerpt":{"rendered":"<p>Voici l&rsquo;exquis sectionnel Cabrera en blanc cass\u00e9 Lyssa, con\u00e7ue en deux parties distinctes pour plus de polyvalence et de commodit\u00e9. Les accoudoirs et les dossiers gracieusement suspendus constituent une caract\u00e9ristique remarquable, ajoutant une touche contemporaine \u00e0 son design classique. Soutenu par un \u00e9l\u00e9gant pi\u00e8tement en bois noir, ce canap\u00e9 allie harmonieusement style et confort. \u00c9levez votre espace de vie avec le charme sophistiqu\u00e9 du canap\u00e9 sectionnel Cabrera.<\/p>\n","protected":false},"featured_media":272646,"template":"","meta":{"_kad_blocks_custom_css":"","_kad_blocks_head_custom_js":"","_kad_blocks_body_custom_js":"","_kad_blocks_footer_custom_js":"","_kad_post_transparent":"default","_kad_post_title":"","_kad_post_layout":"default","_kad_post_sidebar_id":"","_kad_post_content_style":"default","_kad_post_vertical_padding":"default","_kad_post_feature":"","_kad_post_feature_position":"","_kad_post_header":false,"_kad_post_footer":false,"_kad_post_classname":""},"product_brand":[],"product_cat":[1324],"product_tag":[1482],"class_list":{"0":"post-272631","1":"product","2":"type-product","3":"status-publish","4":"has-post-thumbnail","6":"product_cat-meubles-modulaires","7":"product_tag-vreeland-fr-2","9":"first","10":"instock","11":"taxable","12":"shipping-taxable","13":"product-type-simple","14":"entry","15":"content-bg","16":"loop-entry"},"taxonomy_info":{"product_cat":[{"value":1324,"label":"Meubles modulaires"}],"product_tag":[{"value":1482,"label":"Vreeland"}]},"featured_image_src_large":["https:\/\/www.avenuedesigncanada.com\/wp-content\/uploads\/2024\/01\/117679_0_1_1-1024x1024.jpg",1024,1024,true],"author_info":[],"comment_info":"","_links":{"self":[{"href":"https:\/\/www.avenuedesigncanada.com\/fr\/wp-json\/wp\/v2\/product\/272631","targetHints":{"allow":["GET"]}}],"collection":[{"href":"https:\/\/www.avenuedesigncanada.com\/fr\/wp-json\/wp\/v2\/product"}],"about":[{"href":"https:\/\/www.avenuedesigncanada.com\/fr\/wp-json\/wp\/v2\/types\/product"}],"wp:featuredmedia":[{"embeddable":true,"href":"https:\/\/www.avenuedesigncanada.com\/fr\/wp-json\/wp\/v2\/media\/272646"}],"wp:attachment":[{"href":"https:\/\/www.avenuedesigncanada.com\/fr\/wp-json\/wp\/v2\/media?parent=272631"}],"wp:term":[{"taxonomy":"product_brand","embeddable":true,"href":"https:\/\/www.avenuedesigncanada.com\/fr\/wp-json\/wp\/v2\/product_brand?post=272631"},{"taxonomy":"product_cat","embeddable":true,"href":"https:\/\/www.avenuedesigncanada.com\/fr\/wp-json\/wp\/v2\/product_cat?post=272631"},{"taxonomy":"product_tag","embeddable":true,"href":"https:\/\/www.avenuedesigncanada.com\/fr\/wp-json\/wp\/v2\/product_tag?post=272631"}],"curies":[{"name":"wp","href":"https:\/\/api.w.org\/{rel}","templated":true}]}}

<p><em> Caractéristiques du canapé modulable Cabrera :</em></p>
<p>Tissu Lyssa blanc cassé</p>
<p>Base noire</p>
<p>Petit module : 65.35 x P. 49.21 x H. 27.95″.</p>
<p>Grand module : 91.73 x P. 45.28 x H. 27.95″</p>
<p>Avez-vous des questions à propos de ce produit ?</p>
<p>Nos designers sont là pour vous aider.</p>
<p>Appelez-nous au (514) 340-9351</p>

<p>Voici l&rsquo;exquis sectionnel Cabrera en blanc cassé Lyssa, conçue en deux parties distinctes pour plus de polyvalence et de commodité. Les accoudoirs et les dossiers gracieusement suspendus constituent une caractéristique remarquable, ajoutant une touche contemporaine à son design classique. Soutenu par un élégant piètement en bois noir, ce canapé allie harmonieusement style et confort. Élevez votre espace de vie avec le charme sophistiqué du canapé sectionnel Cabrera.</p>
