{"id":408650,"date":"2026-02-24T09:40:10","date_gmt":"2026-02-24T14:40:10","guid":{"rendered":"https:\/\/www.avenuedesigncanada.com\/product\/sectionnel-en-tissu-monterrey\/"},"modified":"2026-02-24T09:59:42","modified_gmt":"2026-02-24T14:59:42","slug":"sectionnel-en-tissu-monterrey","status":"publish","type":"product","link":"https:\/\/www.avenuedesigncanada.com\/fr\/product\/sectionnel-en-tissu-monterrey\/","title":{"rendered":"Sectionnel en tissu Monterrey"},"content":{"rendered":"<p><em>Le fauteuil sectionnel en tissu Monterrey pr\u00e9sente les caract\u00e9ristiques suivantes :  <\/em><\/p>\n<p>Style moderne<br \/>\nBras d&rsquo;abri<br \/>\nDossier serr\u00e9<br \/>\nPieds cach\u00e9s<br \/>\nComposants de la section : N3241, N3242<\/p>\n<p>Vous avez des questions sur ce produit ? Nos concepteurs sont l\u00e0 pour vous aider. Appelez-nous au (514) 340-9351  <\/p>\n","protected":false},"excerpt":{"rendered":"<p>Le sectionnel Monterrey d\u00e9finit un nouveau style moderne pour les si\u00e8ges avec son profil \u00e9pur\u00e9 et ses longues lignes. La forme g\u00e9om\u00e9trique donne au design une forme de coin unique avec un dossier angulaire. L&rsquo;assise et le dossier \u00e9troitement ajust\u00e9s offrent un confort \u00e0 la pointe de la modernit\u00e9.  <\/p>\n","protected":false},"featured_media":408627,"template":"","meta":{"_kad_blocks_custom_css":"","_kad_blocks_head_custom_js":"","_kad_blocks_body_custom_js":"","_kad_blocks_footer_custom_js":"","_kad_post_transparent":"","_kad_post_title":"","_kad_post_layout":"","_kad_post_sidebar_id":"","_kad_post_content_style":"","_kad_post_vertical_padding":"","_kad_post_feature":"","_kad_post_feature_position":"","_kad_post_header":false,"_kad_post_footer":false,"_kad_post_classname":""},"product_brand":[],"product_cat":[1324],"product_tag":[1851],"class_list":{"0":"post-408650","1":"product","2":"type-product","3":"status-publish","4":"has-post-thumbnail","6":"product_cat-meubles-modulaires","7":"product_tag-barcelona-fr","9":"first","10":"instock","11":"taxable","12":"shipping-taxable","13":"product-type-simple","14":"entry","15":"content-bg","16":"loop-entry"},"taxonomy_info":{"product_cat":[{"value":1324,"label":"Meubles modulaires"}],"product_tag":[{"value":1851,"label":"BARCELONA"}]},"featured_image_src_large":["https:\/\/www.avenuedesigncanada.com\/wp-content\/uploads\/2026\/02\/K2269-1-1024x1024.jpg",1024,1024,true],"author_info":[],"comment_info":"","_links":{"self":[{"href":"https:\/\/www.avenuedesigncanada.com\/fr\/wp-json\/wp\/v2\/product\/408650","targetHints":{"allow":["GET"]}}],"collection":[{"href":"https:\/\/www.avenuedesigncanada.com\/fr\/wp-json\/wp\/v2\/product"}],"about":[{"href":"https:\/\/www.avenuedesigncanada.com\/fr\/wp-json\/wp\/v2\/types\/product"}],"wp:featuredmedia":[{"embeddable":true,"href":"https:\/\/www.avenuedesigncanada.com\/fr\/wp-json\/wp\/v2\/media\/408627"}],"wp:attachment":[{"href":"https:\/\/www.avenuedesigncanada.com\/fr\/wp-json\/wp\/v2\/media?parent=408650"}],"wp:term":[{"taxonomy":"product_brand","embeddable":true,"href":"https:\/\/www.avenuedesigncanada.com\/fr\/wp-json\/wp\/v2\/product_brand?post=408650"},{"taxonomy":"product_cat","embeddable":true,"href":"https:\/\/www.avenuedesigncanada.com\/fr\/wp-json\/wp\/v2\/product_cat?post=408650"},{"taxonomy":"product_tag","embeddable":true,"href":"https:\/\/www.avenuedesigncanada.com\/fr\/wp-json\/wp\/v2\/product_tag?post=408650"}],"curies":[{"name":"wp","href":"https:\/\/api.w.org\/{rel}","templated":true}]}}

<p><em>Le fauteuil sectionnel en tissu Monterrey présente les caractéristiques suivantes :  </em></p>
<p>Style moderne<br />
Bras d&rsquo;abri<br />
Dossier serré<br />
Pieds cachés<br />
Composants de la section : N3241, N3242</p>
<p>Vous avez des questions sur ce produit ? Nos concepteurs sont là pour vous aider. Appelez-nous au (514) 340-9351  </p>

<p>Le sectionnel Monterrey définit un nouveau style moderne pour les sièges avec son profil épuré et ses longues lignes. La forme géométrique donne au design une forme de coin unique avec un dossier angulaire. L&rsquo;assise et le dossier étroitement ajustés offrent un confort à la pointe de la modernité.  </p>
