{"id":408651,"date":"2026-02-24T09:43:05","date_gmt":"2026-02-24T14:43:05","guid":{"rendered":"https:\/\/www.avenuedesigncanada.com\/product\/sectionnel-en-tissu-sylvio\/"},"modified":"2026-02-24T09:59:42","modified_gmt":"2026-02-24T14:59:42","slug":"sectionnel-en-tissu-sylvio","status":"publish","type":"product","link":"https:\/\/www.avenuedesigncanada.com\/fr\/product\/sectionnel-en-tissu-sylvio\/","title":{"rendered":"Sectionnel en tissu Sylvio"},"content":{"rendered":"<p><em>Le sectionnel en tissu Sylvio pr\u00e9sente les caract\u00e9ristiques suivantes :  <\/em><\/p>\n<p>Style moderne<br \/>\nAccoudoirs en forme d&rsquo;abri<br \/>\nDossier serr\u00e9<br \/>\nCoussins inclus<br \/>\nPieds cach\u00e9s<br \/>\nMontr\u00e9 en tissu 1614-100<br \/>\nComposants de la section : N1030, N1030, N1032, N1035, N1036<\/p>\n<p>Vous avez des questions sur ce produit ? Nos concepteurs sont l\u00e0 pour vous aider. Appelez-nous au (514) 340-9351  <\/p>\n","protected":false},"excerpt":{"rendered":"<p>Le sectionnel Sylvio pr\u00e9sente des coussins profond\u00e9ment luxuriants et des formes arrondies somptueuses qui cr\u00e9ent un design confortable. Les coussins d&rsquo;assise moelleux s&rsquo;adaptent parfaitement \u00e0 la base fa\u00e7onn\u00e9e, tandis que le dossier s&rsquo;incurve pour cr\u00e9er des accoudoirs accueillants. <\/p>\n","protected":false},"featured_media":408635,"template":"","meta":{"_kad_blocks_custom_css":"","_kad_blocks_head_custom_js":"","_kad_blocks_body_custom_js":"","_kad_blocks_footer_custom_js":"","_kad_post_transparent":"","_kad_post_title":"","_kad_post_layout":"","_kad_post_sidebar_id":"","_kad_post_content_style":"","_kad_post_vertical_padding":"","_kad_post_feature":"","_kad_post_feature_position":"","_kad_post_header":false,"_kad_post_footer":false,"_kad_post_classname":""},"product_brand":[],"product_cat":[1324],"product_tag":[1851],"class_list":{"0":"post-408651","1":"product","2":"type-product","3":"status-publish","4":"has-post-thumbnail","6":"product_cat-meubles-modulaires","7":"product_tag-barcelona-fr","9":"first","10":"instock","11":"taxable","12":"shipping-taxable","13":"product-type-simple","14":"entry","15":"content-bg","16":"loop-entry"},"taxonomy_info":{"product_cat":[{"value":1324,"label":"Meubles modulaires"}],"product_tag":[{"value":1851,"label":"BARCELONA"}]},"featured_image_src_large":["https:\/\/www.avenuedesigncanada.com\/wp-content\/uploads\/2026\/02\/K2179-1-1024x1024.jpg",1024,1024,true],"author_info":[],"comment_info":"","_links":{"self":[{"href":"https:\/\/www.avenuedesigncanada.com\/fr\/wp-json\/wp\/v2\/product\/408651","targetHints":{"allow":["GET"]}}],"collection":[{"href":"https:\/\/www.avenuedesigncanada.com\/fr\/wp-json\/wp\/v2\/product"}],"about":[{"href":"https:\/\/www.avenuedesigncanada.com\/fr\/wp-json\/wp\/v2\/types\/product"}],"wp:featuredmedia":[{"embeddable":true,"href":"https:\/\/www.avenuedesigncanada.com\/fr\/wp-json\/wp\/v2\/media\/408635"}],"wp:attachment":[{"href":"https:\/\/www.avenuedesigncanada.com\/fr\/wp-json\/wp\/v2\/media?parent=408651"}],"wp:term":[{"taxonomy":"product_brand","embeddable":true,"href":"https:\/\/www.avenuedesigncanada.com\/fr\/wp-json\/wp\/v2\/product_brand?post=408651"},{"taxonomy":"product_cat","embeddable":true,"href":"https:\/\/www.avenuedesigncanada.com\/fr\/wp-json\/wp\/v2\/product_cat?post=408651"},{"taxonomy":"product_tag","embeddable":true,"href":"https:\/\/www.avenuedesigncanada.com\/fr\/wp-json\/wp\/v2\/product_tag?post=408651"}],"curies":[{"name":"wp","href":"https:\/\/api.w.org\/{rel}","templated":true}]}}

<p><em>Le sectionnel en tissu Sylvio présente les caractéristiques suivantes :  </em></p>
<p>Style moderne<br />
Accoudoirs en forme d&rsquo;abri<br />
Dossier serré<br />
Coussins inclus<br />
Pieds cachés<br />
Montré en tissu 1614-100<br />
Composants de la section : N1030, N1030, N1032, N1035, N1036</p>
<p>Vous avez des questions sur ce produit ? Nos concepteurs sont là pour vous aider. Appelez-nous au (514) 340-9351  </p>

<p>Le sectionnel Sylvio présente des coussins profondément luxuriants et des formes arrondies somptueuses qui créent un design confortable. Les coussins d&rsquo;assise moelleux s&rsquo;adaptent parfaitement à la base façonnée, tandis que le dossier s&rsquo;incurve pour créer des accoudoirs accueillants. </p>
