{"id":421325,"date":"2026-04-22T16:12:45","date_gmt":"2026-04-22T20:12:45","guid":{"rendered":"https:\/\/www.avenuedesigncanada.com\/product\/fauteuil-de-salle-a-manger-empilable-casella\/"},"modified":"2026-04-22T16:33:43","modified_gmt":"2026-04-22T20:33:43","slug":"fauteuil-de-salle-a-manger-empilable-casella","status":"publish","type":"product","link":"https:\/\/www.avenuedesigncanada.com\/fr\/product\/fauteuil-de-salle-a-manger-empilable-casella\/","title":{"rendered":"Fauteuil de salle \u00e0 manger empilable Casella"},"content":{"rendered":"<p><em>  Le fauteuil de salle \u00e0 manger empilable Casella pr\u00e9sente les caract\u00e9ristiques suivantes : <em><br \/>\n Le rev\u00eatement en poudre de la structure en aluminium ajoute une r\u00e9sistance \u00e0 la corrosion et aux intemp\u00e9ries.<\/p>\n<p>La corde synth\u00e9tique tiss\u00e9e est r\u00e9sistante \u00e0 la d\u00e9coloration et facile \u00e0 nettoyer.<\/p>\n<p>Fabriqu\u00e9 avec des mat\u00e9riaux 100 % recyclables.<\/p>\n<p>Appliquez des housses de protection ou rangez-les \u00e0 l&rsquo;int\u00e9rieur lorsqu&rsquo;ils ne sont pas utilis\u00e9s et en cas de mauvais temps, afin de prolonger la dur\u00e9e de vie des meubles d&rsquo;ext\u00e9rieur.<br \/>\nVous avez des questions sur ce produit ? Nos concepteurs sont l\u00e0 pour vous aider. Appelez-nous au (514) 340-9351  <\/p>\n","protected":false},"excerpt":{"rendered":"<p>Le fauteuil de salle \u00e0 manger empilable Casella se d\u00e9finit par sa simplicit\u00e9. L&rsquo;assise et le dossier sont orn\u00e9s d&rsquo;un tissage de corde de couleur cr\u00e8me. La finition est assur\u00e9e par une structure en aluminium rev\u00eatue de poudre de couleur grise qui compl\u00e8te la palette neutre.  <\/p>\n","protected":false},"featured_media":420728,"template":"","meta":{"_kad_blocks_custom_css":"","_kad_blocks_head_custom_js":"","_kad_blocks_body_custom_js":"","_kad_blocks_footer_custom_js":"","_kad_post_transparent":"","_kad_post_title":"","_kad_post_layout":"","_kad_post_sidebar_id":"","_kad_post_content_style":"","_kad_post_vertical_padding":"","_kad_post_feature":"","_kad_post_feature_position":"","_kad_post_header":false,"_kad_post_footer":false,"_kad_post_classname":""},"product_brand":[],"product_cat":[2218],"product_tag":[1824],"class_list":{"0":"post-421325","1":"product","2":"type-product","3":"status-publish","4":"has-post-thumbnail","6":"product_cat-sets-de-salle-a-manger-pour-lexterieur","7":"product_tag-sol-fr","9":"first","10":"instock","11":"taxable","12":"shipping-taxable","13":"product-type-simple","14":"entry","15":"content-bg","16":"loop-entry"},"taxonomy_info":{"product_cat":[{"value":2218,"label":"Sets de salle \u00e0 manger pour l'ext\u00e9rieur"}],"product_tag":[{"value":1824,"label":"SOL"}]},"featured_image_src_large":["https:\/\/www.avenuedesigncanada.com\/wp-content\/uploads\/2026\/04\/110979_1-1024x1024.jpg",1024,1024,true],"author_info":[],"comment_info":"","_links":{"self":[{"href":"https:\/\/www.avenuedesigncanada.com\/fr\/wp-json\/wp\/v2\/product\/421325","targetHints":{"allow":["GET"]}}],"collection":[{"href":"https:\/\/www.avenuedesigncanada.com\/fr\/wp-json\/wp\/v2\/product"}],"about":[{"href":"https:\/\/www.avenuedesigncanada.com\/fr\/wp-json\/wp\/v2\/types\/product"}],"wp:featuredmedia":[{"embeddable":true,"href":"https:\/\/www.avenuedesigncanada.com\/fr\/wp-json\/wp\/v2\/media\/420728"}],"wp:attachment":[{"href":"https:\/\/www.avenuedesigncanada.com\/fr\/wp-json\/wp\/v2\/media?parent=421325"}],"wp:term":[{"taxonomy":"product_brand","embeddable":true,"href":"https:\/\/www.avenuedesigncanada.com\/fr\/wp-json\/wp\/v2\/product_brand?post=421325"},{"taxonomy":"product_cat","embeddable":true,"href":"https:\/\/www.avenuedesigncanada.com\/fr\/wp-json\/wp\/v2\/product_cat?post=421325"},{"taxonomy":"product_tag","embeddable":true,"href":"https:\/\/www.avenuedesigncanada.com\/fr\/wp-json\/wp\/v2\/product_tag?post=421325"}],"curies":[{"name":"wp","href":"https:\/\/api.w.org\/{rel}","templated":true}]}}

Fauteuil de salle à manger empilable Casella

<p><em>  Le fauteuil de salle à manger empilable Casella présente les caractéristiques suivantes : <em><br />
 Le revêtement en poudre de la structure en aluminium ajoute une résistance à la corrosion et aux intempéries.</p>
<p>La corde synthétique tissée est résistante à la décoloration et facile à nettoyer.</p>
<p>Fabriqué avec des matériaux 100 % recyclables.</p>
<p>Appliquez des housses de protection ou rangez-les à l&rsquo;intérieur lorsqu&rsquo;ils ne sont pas utilisés et en cas de mauvais temps, afin de prolonger la durée de vie des meubles d&rsquo;extérieur.<br />
Vous avez des questions sur ce produit ? Nos concepteurs sont là pour vous aider. Appelez-nous au (514) 340-9351  </p>

<p>Le fauteuil de salle à manger empilable Casella se définit par sa simplicité. L&rsquo;assise et le dossier sont ornés d&rsquo;un tissage de corde de couleur crème. La finition est assurée par une structure en aluminium revêtue de poudre de couleur grise qui complète la palette neutre.  </p>

Sets de salle à manger pour l'extérieur
