{"id":421326,"date":"2026-04-22T16:13:18","date_gmt":"2026-04-22T20:13:18","guid":{"rendered":"https:\/\/www.avenuedesigncanada.com\/product\/chaise-de-salle-a-manger-edessa-naturelle\/"},"modified":"2026-04-22T16:33:49","modified_gmt":"2026-04-22T20:33:49","slug":"chaise-de-salle-a-manger-edessa-naturelle","status":"publish","type":"product","link":"https:\/\/www.avenuedesigncanada.com\/fr\/product\/chaise-de-salle-a-manger-edessa-naturelle\/","title":{"rendered":"Chaise de salle \u00e0 manger Edessa &#8211; Naturelle"},"content":{"rendered":"<p><em>  Les caract\u00e9ristiques de la chaise de salle \u00e0 manger Edessa : <em><br \/>\n Con\u00e7ue pour apporter le confort int\u00e9rieur \u00e0 l&rsquo;ext\u00e9rieur.<\/p>\n<p>Le rev\u00eatement par poudre du cadre en aluminium ajoute une r\u00e9sistance \u00e0 la corrosion et aux intemp\u00e9ries.<\/p>\n<p>Le tressage en rotin synth\u00e9tique tous temps r\u00e9siste \u00e0 la d\u00e9coloration et est facile \u00e0 nettoyer.<\/p>\n<p>Fabriqu\u00e9 avec des mat\u00e9riaux 100 % recyclables.<\/p>\n<p>Appliquez des housses de protection ou rangez-les \u00e0 l&rsquo;int\u00e9rieur lorsqu&rsquo;ils ne sont pas utilis\u00e9s et en cas de mauvais temps, afin de prolonger la dur\u00e9e de vie des meubles d&rsquo;ext\u00e9rieur.<br \/>\nVous avez des questions sur ce produit ? Nos concepteurs sont l\u00e0 pour vous aider. Appelez-nous au (514) 340-9351  <\/p>\n","protected":false},"excerpt":{"rendered":"<p>La chaise de salle \u00e0 manger Edessa pr\u00e9sente une silhouette moderne sans bras avec des courbes s\u00e9duisantes qui cr\u00e9ent sa forme en cascade. L&rsquo;osier torsad\u00e9 en finition naturelle est tiss\u00e9 autour d&rsquo;un cadre en aluminium pour donner \u00e0 cette chaise de salle \u00e0 manger une sensation de l\u00e9g\u00e8ret\u00e9 et d&rsquo;a\u00e9ration. D\u00eenez \u00e0 l&rsquo;ext\u00e9rieur avec style.  <\/p>\n","protected":false},"featured_media":420918,"template":"","meta":{"_kad_blocks_custom_css":"","_kad_blocks_head_custom_js":"","_kad_blocks_body_custom_js":"","_kad_blocks_footer_custom_js":"","_kad_post_transparent":"","_kad_post_title":"","_kad_post_layout":"","_kad_post_sidebar_id":"","_kad_post_content_style":"","_kad_post_vertical_padding":"","_kad_post_feature":"","_kad_post_feature_position":"","_kad_post_header":false,"_kad_post_footer":false,"_kad_post_classname":""},"product_brand":[],"product_cat":[2218],"product_tag":[1824],"class_list":{"0":"post-421326","1":"product","2":"type-product","3":"status-publish","4":"has-post-thumbnail","6":"product_cat-sets-de-salle-a-manger-pour-lexterieur","7":"product_tag-sol-fr","9":"first","10":"instock","11":"taxable","12":"shipping-taxable","13":"product-type-simple","14":"entry","15":"content-bg","16":"loop-entry"},"taxonomy_info":{"product_cat":[{"value":2218,"label":"Sets de salle \u00e0 manger pour l'ext\u00e9rieur"}],"product_tag":[{"value":1824,"label":"SOL"}]},"featured_image_src_large":["https:\/\/www.avenuedesigncanada.com\/wp-content\/uploads\/2026\/04\/111595-1024x1024.jpg",1024,1024,true],"author_info":[],"comment_info":"","_links":{"self":[{"href":"https:\/\/www.avenuedesigncanada.com\/fr\/wp-json\/wp\/v2\/product\/421326","targetHints":{"allow":["GET"]}}],"collection":[{"href":"https:\/\/www.avenuedesigncanada.com\/fr\/wp-json\/wp\/v2\/product"}],"about":[{"href":"https:\/\/www.avenuedesigncanada.com\/fr\/wp-json\/wp\/v2\/types\/product"}],"wp:featuredmedia":[{"embeddable":true,"href":"https:\/\/www.avenuedesigncanada.com\/fr\/wp-json\/wp\/v2\/media\/420918"}],"wp:attachment":[{"href":"https:\/\/www.avenuedesigncanada.com\/fr\/wp-json\/wp\/v2\/media?parent=421326"}],"wp:term":[{"taxonomy":"product_brand","embeddable":true,"href":"https:\/\/www.avenuedesigncanada.com\/fr\/wp-json\/wp\/v2\/product_brand?post=421326"},{"taxonomy":"product_cat","embeddable":true,"href":"https:\/\/www.avenuedesigncanada.com\/fr\/wp-json\/wp\/v2\/product_cat?post=421326"},{"taxonomy":"product_tag","embeddable":true,"href":"https:\/\/www.avenuedesigncanada.com\/fr\/wp-json\/wp\/v2\/product_tag?post=421326"}],"curies":[{"name":"wp","href":"https:\/\/api.w.org\/{rel}","templated":true}]}}

Chaise de salle à manger Edessa &#8211; Naturelle

<p><em>  Les caractéristiques de la chaise de salle à manger Edessa : <em><br />
 Conçue pour apporter le confort intérieur à l&rsquo;extérieur.</p>
<p>Le revêtement par poudre du cadre en aluminium ajoute une résistance à la corrosion et aux intempéries.</p>
<p>Le tressage en rotin synthétique tous temps résiste à la décoloration et est facile à nettoyer.</p>
<p>Fabriqué avec des matériaux 100 % recyclables.</p>
<p>Appliquez des housses de protection ou rangez-les à l&rsquo;intérieur lorsqu&rsquo;ils ne sont pas utilisés et en cas de mauvais temps, afin de prolonger la durée de vie des meubles d&rsquo;extérieur.<br />
Vous avez des questions sur ce produit ? Nos concepteurs sont là pour vous aider. Appelez-nous au (514) 340-9351  </p>

<p>La chaise de salle à manger Edessa présente une silhouette moderne sans bras avec des courbes séduisantes qui créent sa forme en cascade. L&rsquo;osier torsadé en finition naturelle est tissé autour d&rsquo;un cadre en aluminium pour donner à cette chaise de salle à manger une sensation de légèreté et d&rsquo;aération. Dînez à l&rsquo;extérieur avec style.  </p>

Sets de salle à manger pour l'extérieur
