{"id":421331,"date":"2026-04-22T16:12:24","date_gmt":"2026-04-22T20:12:24","guid":{"rendered":"https:\/\/www.avenuedesigncanada.com\/product\/fauteuil-de-salle-a-manger-capri-drift-brown-2\/"},"modified":"2026-04-22T16:33:57","modified_gmt":"2026-04-22T20:33:57","slug":"fauteuil-de-salle-a-manger-capri-drift-brown-2","status":"publish","type":"product","link":"https:\/\/www.avenuedesigncanada.com\/fr\/product\/fauteuil-de-salle-a-manger-capri-drift-brown-2\/","title":{"rendered":"Fauteuil de salle \u00e0 manger Capri &#8211; Drift Brown"},"content":{"rendered":"<p><em>  Le fauteuil de salle \u00e0 manger Capri &#8211; Drift Brown pr\u00e9sente les caract\u00e9ristiques suivantes : <em><br \/>\n Fabriqu\u00e9 en bois de teck de grade A, certifi\u00e9 SVLK, provenant de for\u00eats indon\u00e9siennes g\u00e9r\u00e9es de mani\u00e8re responsable.<\/p>\n<p>Base en bois de teck &#8211; Le bois de teck est durable et prend une teinte gris argent\u00e9 avec le temps.<\/p>\n<p>Les huiles naturelles du teck emp\u00eachent le pourrissement et offrent une r\u00e9sistance aux champignons, aux termites et aux parasites xylophages.<\/p>\n<p>Les huiles de teck peuvent remonter \u00e0 la surface lorsqu&rsquo;elles sont expos\u00e9es \u00e0 la pluie et \u00e0 l&rsquo;humidit\u00e9, et appara\u00eetre sous forme de taches d&rsquo;eau. Ces huiles peuvent laisser des marques de teck sur les tissus et sont faciles \u00e0 nettoyer. <\/p>\n<p>Les fines fissures sont naturelles et peuvent appara\u00eetre au fur et \u00e0 mesure que le bois vieillit.<\/p>\n<p>Le rev\u00eatement par poudre du cadre en aluminium ajoute une r\u00e9sistance \u00e0 la corrosion et aux intemp\u00e9ries.<\/p>\n<p>Tissu Greymix sur cadre en aluminium gris &#8211; Le tissage en corde synth\u00e9tique tout temps r\u00e9siste \u00e0 la d\u00e9coloration et est facile \u00e0 nettoyer.<\/p>\n<p>Les coussins en maille textil\u00e8ne sont r\u00e9sistants \u00e0 l&rsquo;\u00e9tirement et \u00e0 la d\u00e9chirure.<\/p>\n<p>Les coussins en mousse durable \u00e0 s\u00e9chage rapide sont antimicrobiens et respectueux de l&rsquo;environnement&#8230;<\/p>\n<p>Le tissu ext\u00e9rieur en ol\u00e9fine enduite de PVC offre une r\u00e9sistance extr\u00eame aux intemp\u00e9ries et une protection contre la d\u00e9coloration et les dommages caus\u00e9s par les UV.<\/p>\n<p>Tissu : Palazzo Cream &#8211; Le tissu de performance ext\u00e9rieure certifi\u00e9 Oeko-tex est exempt de substances nocives pour l&rsquo;homme et les \u00e9cosyst\u00e8mes.<\/p>\n<p>Fabriqu\u00e9 avec des mat\u00e9riaux 100 % recyclables.<\/p>\n<p>Appliquez des housses de protection ou rangez-les \u00e0 l&rsquo;int\u00e9rieur lorsqu&rsquo;ils ne sont pas utilis\u00e9s et en cas de mauvais temps, afin de prolonger la dur\u00e9e de vie des meubles d&rsquo;ext\u00e9rieur.<br \/>\nVous avez des questions sur ce produit ? Nos concepteurs sont l\u00e0 pour vous aider. Appelez-nous au (514) 340-9351  <\/p>\n","protected":false},"excerpt":{"rendered":"<p>Cette chaise de salle \u00e0 manger d&rsquo;ext\u00e9rieur vous permet d&rsquo;estomper les fronti\u00e8res entre l&rsquo;int\u00e9rieur et l&rsquo;ext\u00e9rieur. Ce mod\u00e8le confortable est dot\u00e9 d&rsquo;un dossier en forme de tonneau envelopp\u00e9 de tissu greymix et de coussins d&rsquo;assise en tissu cr\u00e8me palazzo. Une base en bois de teck marron compl\u00e8te l&rsquo;ensemble.   Convient aux espaces int\u00e9rieurs et ext\u00e9rieurs couverts.<\/p>\n","protected":false},"featured_media":420712,"template":"","meta":{"_kad_blocks_custom_css":"","_kad_blocks_head_custom_js":"","_kad_blocks_body_custom_js":"","_kad_blocks_footer_custom_js":"","_kad_post_transparent":"","_kad_post_title":"","_kad_post_layout":"","_kad_post_sidebar_id":"","_kad_post_content_style":"","_kad_post_vertical_padding":"","_kad_post_feature":"","_kad_post_feature_position":"","_kad_post_header":false,"_kad_post_footer":false,"_kad_post_classname":""},"product_brand":[],"product_cat":[2218],"product_tag":[1824],"class_list":{"0":"post-421331","1":"product","2":"type-product","3":"status-publish","4":"has-post-thumbnail","6":"product_cat-sets-de-salle-a-manger-pour-lexterieur","7":"product_tag-sol-fr","9":"first","10":"instock","11":"taxable","12":"shipping-taxable","13":"product-type-simple","14":"entry","15":"content-bg","16":"loop-entry"},"taxonomy_info":{"product_cat":[{"value":2218,"label":"Sets de salle \u00e0 manger pour l'ext\u00e9rieur"}],"product_tag":[{"value":1824,"label":"SOL"}]},"featured_image_src_large":["https:\/\/www.avenuedesigncanada.com\/wp-content\/uploads\/2026\/04\/110943_1-1024x1024.jpg",1024,1024,true],"author_info":[],"comment_info":"","_links":{"self":[{"href":"https:\/\/www.avenuedesigncanada.com\/fr\/wp-json\/wp\/v2\/product\/421331","targetHints":{"allow":["GET"]}}],"collection":[{"href":"https:\/\/www.avenuedesigncanada.com\/fr\/wp-json\/wp\/v2\/product"}],"about":[{"href":"https:\/\/www.avenuedesigncanada.com\/fr\/wp-json\/wp\/v2\/types\/product"}],"wp:featuredmedia":[{"embeddable":true,"href":"https:\/\/www.avenuedesigncanada.com\/fr\/wp-json\/wp\/v2\/media\/420712"}],"wp:attachment":[{"href":"https:\/\/www.avenuedesigncanada.com\/fr\/wp-json\/wp\/v2\/media?parent=421331"}],"wp:term":[{"taxonomy":"product_brand","embeddable":true,"href":"https:\/\/www.avenuedesigncanada.com\/fr\/wp-json\/wp\/v2\/product_brand?post=421331"},{"taxonomy":"product_cat","embeddable":true,"href":"https:\/\/www.avenuedesigncanada.com\/fr\/wp-json\/wp\/v2\/product_cat?post=421331"},{"taxonomy":"product_tag","embeddable":true,"href":"https:\/\/www.avenuedesigncanada.com\/fr\/wp-json\/wp\/v2\/product_tag?post=421331"}],"curies":[{"name":"wp","href":"https:\/\/api.w.org\/{rel}","templated":true}]}}

Fauteuil de salle à manger Capri &#8211; Drift Brown

<p><em>  Le fauteuil de salle à manger Capri &#8211; Drift Brown présente les caractéristiques suivantes : <em><br />
 Fabriqué en bois de teck de grade A, certifié SVLK, provenant de forêts indonésiennes gérées de manière responsable.</p>
<p>Base en bois de teck &#8211; Le bois de teck est durable et prend une teinte gris argenté avec le temps.</p>
<p>Les huiles naturelles du teck empêchent le pourrissement et offrent une résistance aux champignons, aux termites et aux parasites xylophages.</p>
<p>Les huiles de teck peuvent remonter à la surface lorsqu&rsquo;elles sont exposées à la pluie et à l&rsquo;humidité, et apparaître sous forme de taches d&rsquo;eau. Ces huiles peuvent laisser des marques de teck sur les tissus et sont faciles à nettoyer. </p>
<p>Les fines fissures sont naturelles et peuvent apparaître au fur et à mesure que le bois vieillit.</p>
<p>Le revêtement par poudre du cadre en aluminium ajoute une résistance à la corrosion et aux intempéries.</p>
<p>Tissu Greymix sur cadre en aluminium gris &#8211; Le tissage en corde synthétique tout temps résiste à la décoloration et est facile à nettoyer.</p>
<p>Les coussins en maille textilène sont résistants à l&rsquo;étirement et à la déchirure.</p>
<p>Les coussins en mousse durable à séchage rapide sont antimicrobiens et respectueux de l&rsquo;environnement&#8230;</p>
<p>Le tissu extérieur en oléfine enduite de PVC offre une résistance extrême aux intempéries et une protection contre la décoloration et les dommages causés par les UV.</p>
<p>Tissu : Palazzo Cream &#8211; Le tissu de performance extérieure certifié Oeko-tex est exempt de substances nocives pour l&rsquo;homme et les écosystèmes.</p>
<p>Fabriqué avec des matériaux 100 % recyclables.</p>
<p>Appliquez des housses de protection ou rangez-les à l&rsquo;intérieur lorsqu&rsquo;ils ne sont pas utilisés et en cas de mauvais temps, afin de prolonger la durée de vie des meubles d&rsquo;extérieur.<br />
Vous avez des questions sur ce produit ? Nos concepteurs sont là pour vous aider. Appelez-nous au (514) 340-9351  </p>

<p>Cette chaise de salle à manger d&rsquo;extérieur vous permet d&rsquo;estomper les frontières entre l&rsquo;intérieur et l&rsquo;extérieur. Ce modèle confortable est doté d&rsquo;un dossier en forme de tonneau enveloppé de tissu greymix et de coussins d&rsquo;assise en tissu crème palazzo. Une base en bois de teck marron complète l&rsquo;ensemble.   Convient aux espaces intérieurs et extérieurs couverts.</p>

Sets de salle à manger pour l'extérieur
