{"id":94823,"date":"2021-06-05T17:24:13","date_gmt":"2021-06-05T21:24:13","guid":{"rendered":"https:\/\/www.avenuedesigncanada.com\/product\/alberto-sofa\/"},"modified":"2026-02-11T15:58:35","modified_gmt":"2026-02-11T20:58:35","slug":"alberto","status":"publish","type":"product","link":"https:\/\/www.avenuedesigncanada.com\/fr\/product\/alberto\/","title":{"rendered":"Sectionnel Alberto"},"content":{"rendered":"<p><em><span style=\"font-weight: 400;\">Caract\u00e9ristiques du canap\u00e9 modulable Alberto:<\/span><\/p>\n<p>Les caract\u00e9ristiques du <i>sectionnel<\/i> Alberto:<\/em><\/p>\n<p>Un coussin de dos en Poly\/Duvet<\/p>\n<p>Un coussin d\u2019assise en mousse recouvert de duvet<\/p>\n<p>Base en bois<\/p>\n<p>Une structure en bois massif<\/p>\n<p>Fait au Canada<\/p>\n<p>Options:<\/p>\n<p>Choix de tissu ou cuir<\/p>\n<p>Choix de fini<\/p>\n<p>Choix de confort<\/p>\n<p>Disponible en plusieurs configurations, ainsi qu&rsquo;en causeuse, sofa ou fauteuil.<\/p>\n<p>Avez-vous des questions \u00e0 propos de ce produit ?<\/p>\n<p>Nos designers sont l\u00e0 pour vous aider. Appelez-nous au (514) 340-9351<\/p>\n","protected":false},"excerpt":{"rendered":"<p>Le canap\u00e9 modulaire Alberto allie \u00e9l\u00e9gance contemporaine et confort luxueux. Dot\u00e9 de coussins de dossier moelleux en polyester et duvet et de coussins de si\u00e8ge en mousse \u00e0 m\u00e9moire de forme recouverts d&rsquo;un m\u00e9lange de duvet doux, il offre une exp\u00e9rience d&rsquo;assise accueillante et relaxante. Construit sur un cadre en bois massif avec une base en bois magnifiquement finie, ce canap\u00e9 modulaire de fabrication canadienne est con\u00e7u pour durer et offrir une sophistication au quotidien. Le canap\u00e9 modulaire Alberto apporte chaleur, style et confort raffin\u00e9 \u00e0 tout espace de vie.<\/p>\n","protected":false},"featured_media":402854,"template":"","meta":{"_kad_blocks_custom_css":"","_kad_blocks_head_custom_js":"","_kad_blocks_body_custom_js":"","_kad_blocks_footer_custom_js":"","_kad_post_transparent":"default","_kad_post_title":"","_kad_post_layout":"default","_kad_post_sidebar_id":"","_kad_post_content_style":"default","_kad_post_vertical_padding":"default","_kad_post_feature":"","_kad_post_feature_position":"","_kad_post_header":false,"_kad_post_footer":false,"_kad_post_classname":""},"product_brand":[],"product_cat":[1324,1967],"product_tag":[1371],"class_list":{"0":"post-94823","1":"product","2":"type-product","3":"status-publish","4":"has-post-thumbnail","6":"product_cat-meubles-modulaires","7":"product_cat-modulaire-sur-mesure","8":"product_tag-hkhaju-fr","10":"first","11":"instock","12":"product-type-simple","13":"entry","14":"content-bg","15":"loop-entry"},"taxonomy_info":{"product_cat":[{"value":1324,"label":"Meubles modulaires"},{"value":1967,"label":"modulaire sur mesure"}],"product_tag":[{"value":1371,"label":"HKHAJU"}]},"featured_image_src_large":["https:\/\/www.avenuedesigncanada.com\/wp-content\/uploads\/2026\/01\/74-1024x1024.png",1024,1024,true],"author_info":[],"comment_info":"","_links":{"self":[{"href":"https:\/\/www.avenuedesigncanada.com\/fr\/wp-json\/wp\/v2\/product\/94823","targetHints":{"allow":["GET"]}}],"collection":[{"href":"https:\/\/www.avenuedesigncanada.com\/fr\/wp-json\/wp\/v2\/product"}],"about":[{"href":"https:\/\/www.avenuedesigncanada.com\/fr\/wp-json\/wp\/v2\/types\/product"}],"wp:featuredmedia":[{"embeddable":true,"href":"https:\/\/www.avenuedesigncanada.com\/fr\/wp-json\/wp\/v2\/media\/402854"}],"wp:attachment":[{"href":"https:\/\/www.avenuedesigncanada.com\/fr\/wp-json\/wp\/v2\/media?parent=94823"}],"wp:term":[{"taxonomy":"product_brand","embeddable":true,"href":"https:\/\/www.avenuedesigncanada.com\/fr\/wp-json\/wp\/v2\/product_brand?post=94823"},{"taxonomy":"product_cat","embeddable":true,"href":"https:\/\/www.avenuedesigncanada.com\/fr\/wp-json\/wp\/v2\/product_cat?post=94823"},{"taxonomy":"product_tag","embeddable":true,"href":"https:\/\/www.avenuedesigncanada.com\/fr\/wp-json\/wp\/v2\/product_tag?post=94823"}],"curies":[{"name":"wp","href":"https:\/\/api.w.org\/{rel}","templated":true}]}}

<p><em><span style="font-weight: 400;">Caractéristiques du canapé modulable Alberto:</span></p>
<p>Les caractéristiques du <i>sectionnel</i> Alberto:</em></p>
<p>Un coussin de dos en Poly/Duvet</p>
<p>Un coussin d’assise en mousse recouvert de duvet</p>
<p>Base en bois</p>
<p>Une structure en bois massif</p>
<p>Fait au Canada</p>
<p>Options:</p>
<p>Choix de tissu ou cuir</p>
<p>Choix de fini</p>
<p>Choix de confort</p>
<p>Disponible en plusieurs configurations, ainsi qu&rsquo;en causeuse, sofa ou fauteuil.</p>
<p>Avez-vous des questions à propos de ce produit ?</p>
<p>Nos designers sont là pour vous aider. Appelez-nous au (514) 340-9351</p>

<p>Le canapé modulaire Alberto allie élégance contemporaine et confort luxueux. Doté de coussins de dossier moelleux en polyester et duvet et de coussins de siège en mousse à mémoire de forme recouverts d&rsquo;un mélange de duvet doux, il offre une expérience d&rsquo;assise accueillante et relaxante. Construit sur un cadre en bois massif avec une base en bois magnifiquement finie, ce canapé modulaire de fabrication canadienne est conçu pour durer et offrir une sophistication au quotidien. Le canapé modulaire Alberto apporte chaleur, style et confort raffiné à tout espace de vie.</p>
