{"id":97635,"date":"2021-06-05T17:41:19","date_gmt":"2021-06-05T21:41:19","guid":{"rendered":"https:\/\/www.avenuedesigncanada.com\/product\/modulaire-tribeca\/"},"modified":"2026-02-11T15:59:14","modified_gmt":"2026-02-11T20:59:14","slug":"modulaire-tribeca","status":"publish","type":"product","link":"https:\/\/www.avenuedesigncanada.com\/fr\/product\/modulaire-tribeca\/","title":{"rendered":"Sectionnel Tribeca"},"content":{"rendered":"<p><em><span style=\"font-weight: 400;\">Caract\u00e9ristiques du canap\u00e9 modulable Tribeca:<\/span><\/em><\/p>\n<p>Des coussins de dossier en Poly\/Duvet<\/p>\n<p>Des coussins d\u2019assise en mousse avec housse de duvet<\/p>\n<p>Une base en bois<\/p>\n<p>Une structure en bois massif<\/p>\n<p>Fait au Canada<\/p>\n<p>Options:<\/p>\n<p>Disponible en diff\u00e9rents tissus ou cuirs<\/p>\n<p>Disponible en diff\u00e9rents finis de bois<\/p>\n<p>Disponible en plusieurs configurations, ainsi qu&rsquo;en causeuse, sofa ou fauteuil.<\/p>\n<p>Avez-vous des questions \u00e0 propos de ce produit ?<\/p>\n<p>Nos designers sont l\u00e0 pour vous aider. Appelez-nous au (514) 340-9351<\/p>\n","protected":false},"excerpt":{"rendered":"<p>Le canap\u00e9 modulable Tribeca allie confort moderne et savoir-faire intemporel. Con\u00e7u avec des coussins de dossier moelleux en polyester et duvet et des coussins d&rsquo;assise en mousse de soutien recouverts d&rsquo;un m\u00e9lange de duvet doux, il offre une exp\u00e9rience d&rsquo;assise accueillante et luxueuse. Dot\u00e9 d&rsquo;une base en bois magnifiquement travaill\u00e9e et construit sur un cadre en bois massif, ce canap\u00e9 modulable de fabrication canadienne est con\u00e7u pour durer. Le canap\u00e9 modulable Tribeca ajoute chaleur, \u00e9l\u00e9gance et confort exceptionnel \u00e0 tout espace de vie.<\/p>\n","protected":false},"featured_media":215293,"template":"","meta":{"_kad_blocks_custom_css":"","_kad_blocks_head_custom_js":"","_kad_blocks_body_custom_js":"","_kad_blocks_footer_custom_js":"","_kad_post_transparent":"default","_kad_post_title":"","_kad_post_layout":"default","_kad_post_sidebar_id":"","_kad_post_content_style":"default","_kad_post_vertical_padding":"default","_kad_post_feature":"","_kad_post_feature_position":"","_kad_post_header":false,"_kad_post_footer":false,"_kad_post_classname":""},"product_brand":[],"product_cat":[1324,1967],"product_tag":[1371],"class_list":{"0":"post-97635","1":"product","2":"type-product","3":"status-publish","4":"has-post-thumbnail","6":"product_cat-meubles-modulaires","7":"product_cat-modulaire-sur-mesure","8":"product_tag-hkhaju-fr","10":"first","11":"instock","12":"product-type-simple","13":"entry","14":"content-bg","15":"loop-entry"},"taxonomy_info":{"product_cat":[{"value":1324,"label":"Meubles modulaires"},{"value":1967,"label":"modulaire sur mesure"}],"product_tag":[{"value":1371,"label":"HKHAJU"}]},"featured_image_src_large":["https:\/\/www.avenuedesigncanada.com\/wp-content\/uploads\/2021\/06\/Tribecca-Front-1280x388-2-1024x1024.jpg",1024,1024,true],"author_info":[],"comment_info":"","_links":{"self":[{"href":"https:\/\/www.avenuedesigncanada.com\/fr\/wp-json\/wp\/v2\/product\/97635","targetHints":{"allow":["GET"]}}],"collection":[{"href":"https:\/\/www.avenuedesigncanada.com\/fr\/wp-json\/wp\/v2\/product"}],"about":[{"href":"https:\/\/www.avenuedesigncanada.com\/fr\/wp-json\/wp\/v2\/types\/product"}],"wp:featuredmedia":[{"embeddable":true,"href":"https:\/\/www.avenuedesigncanada.com\/fr\/wp-json\/wp\/v2\/media\/215293"}],"wp:attachment":[{"href":"https:\/\/www.avenuedesigncanada.com\/fr\/wp-json\/wp\/v2\/media?parent=97635"}],"wp:term":[{"taxonomy":"product_brand","embeddable":true,"href":"https:\/\/www.avenuedesigncanada.com\/fr\/wp-json\/wp\/v2\/product_brand?post=97635"},{"taxonomy":"product_cat","embeddable":true,"href":"https:\/\/www.avenuedesigncanada.com\/fr\/wp-json\/wp\/v2\/product_cat?post=97635"},{"taxonomy":"product_tag","embeddable":true,"href":"https:\/\/www.avenuedesigncanada.com\/fr\/wp-json\/wp\/v2\/product_tag?post=97635"}],"curies":[{"name":"wp","href":"https:\/\/api.w.org\/{rel}","templated":true}]}}

<p><em><span style="font-weight: 400;">Caractéristiques du canapé modulable Tribeca:</span></em></p>
<p>Des coussins de dossier en Poly/Duvet</p>
<p>Des coussins d’assise en mousse avec housse de duvet</p>
<p>Une base en bois</p>
<p>Une structure en bois massif</p>
<p>Fait au Canada</p>
<p>Options:</p>
<p>Disponible en différents tissus ou cuirs</p>
<p>Disponible en différents finis de bois</p>
<p>Disponible en plusieurs configurations, ainsi qu&rsquo;en causeuse, sofa ou fauteuil.</p>
<p>Avez-vous des questions à propos de ce produit ?</p>
<p>Nos designers sont là pour vous aider. Appelez-nous au (514) 340-9351</p>

<p>Le canapé modulable Tribeca allie confort moderne et savoir-faire intemporel. Conçu avec des coussins de dossier moelleux en polyester et duvet et des coussins d&rsquo;assise en mousse de soutien recouverts d&rsquo;un mélange de duvet doux, il offre une expérience d&rsquo;assise accueillante et luxueuse. Doté d&rsquo;une base en bois magnifiquement travaillée et construit sur un cadre en bois massif, ce canapé modulable de fabrication canadienne est conçu pour durer. Le canapé modulable Tribeca ajoute chaleur, élégance et confort exceptionnel à tout espace de vie.</p>
